216.26.246.250 - - [10/Mar/2026:17:37:49 +0000] "GET /wp-admin/admin-ajax.php?action=rest-nonce HTTP/1.1" 301 370 "-" "Mozilla/5.0 (Windows NT 10.0; Win64; x64) AppleWebKit/537.36 (KHTML, like Gecko) Chrome/124.0.6367.207 Safari/537.36"
216.26.246.250 - - [10/Mar/2026:17:37:49 +0000] "GET /wp-admin/plugin-install.php HTTP/1.1" 301 356
216.26.246.250 - - [10/Mar/2026:17:37:49 +0000] "GET /wp-admin/plugin-install.php HTTP/1.1" 301 356 "-" "Mozilla/5.0 (Windows NT 10.0; Win64; x64) AppleWebKit/537.36 (KHTML, like Gecko) Chrome/124.0.6367.207 Safari/537.36"
216.26.246.250 - - [10/Mar/2026:17:37:50 +0000] "GET /wp-admin/plugin-install.php HTTP/1.1" 301 356
216.26.246.250 - - [10/Mar/2026:17:37:50 +0000] "GET /wp-admin/plugin-install.php HTTP/1.1" 301 356 "-" "Mozilla/5.0 (Windows NT 10.0; Win64; x64) AppleWebKit/537.36 (KHTML, like Gecko) Chrome/124.0.6367.207 Safari/537.36"
216.26.246.250 - - [10/Mar/2026:17:37:50 +0000] "GET /wp-admin/plugin-install.php HTTP/1.1" 301 356
216.26.246.250 - - [10/Mar/2026:17:37:50 +0000] "GET /wp-admin/plugin-install.php HTTP/1.1" 301 356 "-" "Mozilla/5.0 (Windows NT 10.0; Win64; x64) AppleWebKit/537.36 (KHTML, like Gecko) Chrome/124.0.6367.207 Safari/537.36"
216.26.246.250 - - [10/Mar/2026:17:37:50 +0000] "GET /wp-admin/plugin-install.php HTTP/1.1" 301 356
216.26.246.250 - - [10/Mar/2026:17:37:50 +0000] "GET /wp-admin/plugin-install.php HTTP/1.1" 301 356 "-" "Mozilla/5.0 (Windows NT 10.0; Win64; x64) AppleWebKit/537.36 (KHTML, like Gecko) Chrome/124.0.6367.207 Safari/537.36"
216.26.246.250 - - [10/Mar/2026:17:37:50 +0000] "GET /wp-admin/plugin-install.php HTTP/1.1" 301 356
216.26.246.250 - - [10/Mar/2026:17:37:50 +0000] "GET /wp-admin/plugin-install.php HTTP/1.1" 301 356 "-" "Mozilla/5.0 (Windows NT 10.0; Win64; x64) AppleWebKit/537.36 (KHTML, like Gecko) Chrome/124.0.6367.207 Safari/537.36"
209.50.163.246 - - [10/Mar/2026:17:37:51 +0000] "GET /wp-login.php HTTP/1.1" 301 341
209.50.163.246 - - [10/Mar/2026:17:37:51 +0000] "GET /wp-login.php HTTP/1.1" 301 341 "-" "Mozilla/5.0 (Windows NT 10.0; Win64; x64; rv:127.0) Gecko/20100101 Firefox/127.0"
209.50.163.246 - - [10/Mar/2026:17:37:53 +0000] "GET /wp-login.php?wp_lang=en_US HTTP/1.1" 301 355
209.50.163.246 - - [10/Mar/2026:17:37:53 +0000] "GET /wp-login.php?wp_lang=en_US HTTP/1.1" 301 355 "-" "Mozilla/5.0 (Windows NT 10.0; Win64; x64) AppleWebKit/537.36 (KHTML, like Gecko) Chrome/124.0.6367.207 Safari/537.36"
209.50.163.246 - - [10/Mar/2026:17:37:55 +0000] "GET /wp-admin/ HTTP/1.1" 301 338
209.50.163.246 - - [10/Mar/2026:17:37:55 +0000] "GET /wp-admin/ HTTP/1.1" 301 338 "https://www.credebtexchange.com/wp-login.php?wp_lang=en_US" "Mozilla/5.0 (Windows NT 10.0; Win64; x64) AppleWebKit/537.36 (KHTML, like Gecko) Chrome/124.0.6367.207 Safari/537.36"
209.50.163.246 - - [10/Mar/2026:17:37:56 +0000] "GET /wp-admin/admin-ajax.php?action=rest-nonce HTTP/1.1" 301 370
209.50.163.246 - - [10/Mar/2026:17:37:56 +0000] "GET /wp-admin/admin-ajax.php?action=rest-nonce HTTP/1.1" 301 370 "-" "Mozilla/5.0 (Windows NT 10.0; Win64; x64) AppleWebKit/537.36 (KHTML, like Gecko) Chrome/124.0.6367.207 Safari/537.36"
209.50.163.246 - - [10/Mar/2026:17:37:57 +0000] "GET /wp-admin/plugin-install.php HTTP/1.1" 301 356
209.50.163.246 - - [10/Mar/2026:17:37:57 +0000] "GET /wp-admin/plugin-install.php HTTP/1.1" 301 356 "-" "Mozilla/5.0 (Windows NT 10.0; Win64; x64) AppleWebKit/537.36 (KHTML, like Gecko) Chrome/124.0.6367.207 Safari/537.36"
209.50.163.246 - - [10/Mar/2026:17:37:57 +0000] "GET /wp-admin/plugin-install.php HTTP/1.1" 301 356
209.50.163.246 - - [10/Mar/2026:17:37:57 +0000] "GET /wp-admin/plugin-install.php HTTP/1.1" 301 356 "-" "Mozilla/5.0 (Windows NT 10.0; Win64; x64) AppleWebKit/537.36 (KHTML, like Gecko) Chrome/124.0.6367.207 Safari/537.36"
209.50.163.246 - - [10/Mar/2026:17:38:05 +0000] "GET /wp-admin/plugin-install.php HTTP/1.1" 301 356
209.50.163.246 - - [10/Mar/2026:17:38:05 +0000] "GET /wp-admin/plugin-install.php HTTP/1.1" 301 356 "-" "Mozilla/5.0 (Windows NT 10.0; Win64; x64) AppleWebKit/537.36 (KHTML, like Gecko) Chrome/124.0.6367.207 Safari/537.36"
209.50.163.246 - - [10/Mar/2026:17:38:06 +0000] "GET /wp-admin/plugin-install.php HTTP/1.1" 301 356
209.50.163.246 - - [10/Mar/2026:17:38:06 +0000] "GET /wp-admin/plugin-install.php HTTP/1.1" 301 356 "-" "Mozilla/5.0 (Windows NT 10.0; Win64; x64) AppleWebKit/537.36 (KHTML, like Gecko) Chrome/124.0.6367.207 Safari/537.36"
209.50.163.246 - - [10/Mar/2026:17:38:07 +0000] "GET /wp-admin/plugin-install.php HTTP/1.1" 301 356
209.50.163.246 - - [10/Mar/2026:17:38:07 +0000] "GET /wp-admin/plugin-install.php HTTP/1.1" 301 356 "-" "Mozilla/5.0 (Windows NT 10.0; Win64; x64) AppleWebKit/537.36 (KHTML, like Gecko) Chrome/124.0.6367.207 Safari/537.36"
216.26.244.152 - - [10/Mar/2026:17:38:07 +0000] "GET /wp-login.php HTTP/1.1" 301 341
216.26.244.152 - - [10/Mar/2026:17:38:07 +0000] "GET /wp-login.php HTTP/1.1" 301 341 "-" "Mozilla/5.0 (Windows NT 10.0; Win64; x64; rv:127.0) Gecko/20100101 Firefox/127.0"
216.26.244.152 - - [10/Mar/2026:17:38:08 +0000] "GET /wp-login.php?wp_lang=en_US HTTP/1.1" 301 355
216.26.244.152 - - [10/Mar/2026:17:38:08 +0000] "GET /wp-login.php?wp_lang=en_US HTTP/1.1" 301 355 "-" "Mozilla/5.0 (Windows NT 10.0; Win64; x64) AppleWebKit/537.36 (KHTML, like Gecko) Chrome/124.0.6367.207 Safari/537.36"
216.26.244.152 - - [10/Mar/2026:17:38:09 +0000] "GET /wp-admin/ HTTP/1.1" 301 338
216.26.244.152 - - [10/Mar/2026:17:38:09 +0000] "GET /wp-admin/ HTTP/1.1" 301 338 "https://www.credebtexchange.com/wp-login.php?wp_lang=en_US" "Mozilla/5.0 (Windows NT 10.0; Win64; x64) AppleWebKit/537.36 (KHTML, like Gecko) Chrome/124.0.6367.207 Safari/537.36"
216.26.244.152 - - [10/Mar/2026:17:38:09 +0000] "GET /wp-admin/admin-ajax.php?action=rest-nonce HTTP/1.1" 301 370
216.26.244.152 - - [10/Mar/2026:17:38:09 +0000] "GET /wp-admin/admin-ajax.php?action=rest-nonce HTTP/1.1" 301 370 "-" "Mozilla/5.0 (Windows NT 10.0; Win64; x64) AppleWebKit/537.36 (KHTML, like Gecko) Chrome/124.0.6367.207 Safari/537.36"
216.26.244.152 - - [10/Mar/2026:17:38:10 +0000] "GET /wp-admin/plugin-install.php HTTP/1.1" 301 356
216.26.244.152 - - [10/Mar/2026:17:38:10 +0000] "GET /wp-admin/plugin-install.php HTTP/1.1" 301 356 "-" "Mozilla/5.0 (Windows NT 10.0; Win64; x64) AppleWebKit/537.36 (KHTML, like Gecko) Chrome/124.0.6367.207 Safari/537.36"
216.26.244.152 - - [10/Mar/2026:17:38:10 +0000] "GET /wp-admin/plugin-install.php HTTP/1.1" 301 356
216.26.244.152 - - [10/Mar/2026:17:38:10 +0000] "GET /wp-admin/plugin-install.php HTTP/1.1" 301 356 "-" "Mozilla/5.0 (Windows NT 10.0; Win64; x64) AppleWebKit/537.36 (KHTML, like Gecko) Chrome/124.0.6367.207 Safari/537.36"
216.26.244.152 - - [10/Mar/2026:17:38:10 +0000] "GET /wp-admin/plugin-install.php HTTP/1.1" 301 356
216.26.244.152 - - [10/Mar/2026:17:38:10 +0000] "GET /wp-admin/plugin-install.php HTTP/1.1" 301 356 "-" "Mozilla/5.0 (Windows NT 10.0; Win64; x64) AppleWebKit/537.36 (KHTML, like Gecko) Chrome/124.0.6367.207 Safari/537.36"
216.26.244.152 - - [10/Mar/2026:17:38:10 +0000] "GET /wp-admin/plugin-install.php HTTP/1.1" 301 356
216.26.244.152 - - [10/Mar/2026:17:38:10 +0000] "GET /wp-admin/plugin-install.php HTTP/1.1" 301 356 "-" "Mozilla/5.0 (Windows NT 10.0; Win64; x64) AppleWebKit/537.36 (KHTML, like Gecko) Chrome/124.0.6367.207 Safari/537.36"
216.26.244.152 - - [10/Mar/2026:17:38:10 +0000] "GET /wp-admin/plugin-install.php HTTP/1.1" 301 356
216.26.244.152 - - [10/Mar/2026:17:38:10 +0000] "GET /wp-admin/plugin-install.php HTTP/1.1" 301 356 "-" "Mozilla/5.0 (Windows NT 10.0; Win64; x64) AppleWebKit/537.36 (KHTML, like Gecko) Chrome/124.0.6367.207 Safari/537.36"
65.111.2.105 - - [10/Mar/2026:17:38:11 +0000] "GET /wp-login.php HTTP/1.1" 301 341
65.111.2.105 - - [10/Mar/2026:17:38:11 +0000] "GET /wp-login.php HTTP/1.1" 301 341 "-" "Mozilla/5.0 (Windows NT 10.0; Win64; x64; rv:127.0) Gecko/20100101 Firefox/127.0"
65.111.2.105 - - [10/Mar/2026:17:38:12 +0000] "GET /wp-login.php?wp_lang=en_US HTTP/1.1" 301 355
65.111.2.105 - - [10/Mar/2026:17:38:12 +0000] "GET /wp-login.php?wp_lang=en_US HTTP/1.1" 301 355 "-" "Mozilla/5.0 (Windows NT 10.0; Win64; x64) AppleWebKit/537.36 (KHTML, like Gecko) Chrome/124.0.6367.207 Safari/537.36"
65.111.2.105 - - [10/Mar/2026:17:38:15 +0000] "GET /wp-admin/ HTTP/1.1" 301 338
65.111.2.105 - - [10/Mar/2026:17:38:15 +0000] "GET /wp-admin/ HTTP/1.1" 301 338 "https://www.credebtexchange.com/wp-login.php?wp_lang=en_US" "Mozilla/5.0 (Windows NT 10.0; Win64; x64) AppleWebKit/537.36 (KHTML, like Gecko) Chrome/124.0.6367.207 Safari/537.36"
13.83.90.155 - - [10/Mar/2026:17:38:17 +0000] "POST /cgi-bin/.%2e/.%2e/.%2e/.%2e/.%2e/.%2e/.%2e/.%2e/.%2e/.%2e/bin/sh HTTP/1.1" 400 305
13.83.90.155 - - [10/Mar/2026:17:38:17 +0000] "POST /cgi-bin/.%2e/.%2e/.%2e/.%2e/.%2e/.%2e/.%2e/.%2e/.%2e/.%2e/bin/sh HTTP/1.1" 400 305 "-" "libredtail-http"
13.83.90.155 - - [10/Mar/2026:17:38:19 +0000] "POST /cgi-bin/%%32%65%%32%65/%%32%65%%32%65/%%32%65%%32%65/%%32%65%%32%65/%%32%65%%32%65/%%32%65%%32%65/%%32%65%%32%65/bin/sh HTTP/1.1" 400 305
13.83.90.155 - - [10/Mar/2026:17:38:19 +0000] "POST /cgi-bin/%%32%65%%32%65/%%32%65%%32%65/%%32%65%%32%65/%%32%65%%32%65/%%32%65%%32%65/%%32%65%%32%65/%%32%65%%32%65/bin/sh HTTP/1.1" 400 305 "-" "libredtail-http"
65.111.2.105 - - [10/Mar/2026:17:38:19 +0000] "GET /wp-admin/admin-ajax.php?action=rest-nonce HTTP/1.1" 301 370
65.111.2.105 - - [10/Mar/2026:17:38:19 +0000] "GET /wp-admin/admin-ajax.php?action=rest-nonce HTTP/1.1" 301 370 "-" "Mozilla/5.0 (Windows NT 10.0; Win64; x64) AppleWebKit/537.36 (KHTML, like Gecko) Chrome/124.0.6367.207 Safari/537.36"
13.83.90.155 - - [10/Mar/2026:17:38:20 +0000] "POST /hello.world?%ADd+allow_url_include%3d1+%ADd+auto_prepend_file%3dphp://input HTTP/1.1" 404 1
13.83.90.155 - - [10/Mar/2026:17:38:20 +0000] "POST /hello.world?%ADd+allow_url_include%3d1+%ADd+auto_prepend_file%3dphp://input HTTP/1.1" 404 1 "-" "libredtail-http"
65.111.2.105 - - [10/Mar/2026:17:38:20 +0000] "GET /wp-admin/plugin-install.php HTTP/1.1" 301 356
65.111.2.105 - - [10/Mar/2026:17:38:20 +0000] "GET /wp-admin/plugin-install.php HTTP/1.1" 301 356 "-" "Mozilla/5.0 (Windows NT 10.0; Win64; x64) AppleWebKit/537.36 (KHTML, like Gecko) Chrome/124.0.6367.207 Safari/537.36"
65.111.2.105 - - [10/Mar/2026:17:38:21 +0000] "GET /wp-admin/plugin-install.php HTTP/1.1" 301 356
65.111.2.105 - - [10/Mar/2026:17:38:21 +0000] "GET /wp-admin/plugin-install.php HTTP/1.1" 301 356 "-" "Mozilla/5.0 (Windows NT 10.0; Win64; x64) AppleWebKit/537.36 (KHTML, like Gecko) Chrome/124.0.6367.207 Safari/537.36"
65.111.2.105 - - [10/Mar/2026:17:38:22 +0000] "GET /wp-admin/plugin-install.php HTTP/1.1" 301 356
65.111.2.105 - - [10/Mar/2026:17:38:22 +0000] "GET /wp-admin/plugin-install.php HTTP/1.1" 301 356 "-" "Mozilla/5.0 (Windows NT 10.0; Win64; x64) AppleWebKit/537.36 (KHTML, like Gecko) Chrome/124.0.6367.207 Safari/537.36"
13.83.90.155 - - [10/Mar/2026:17:38:21 +0000] "POST /?%ADd+allow_url_include%3d1+%ADd+auto_prepend_file%3dphp://input HTTP/1.1" 200 1
13.83.90.155 - - [10/Mar/2026:17:38:21 +0000] "POST /?%ADd+allow_url_include%3d1+%ADd+auto_prepend_file%3dphp://input HTTP/1.1" 200 1 "-" "libredtail-http"
65.111.2.105 - - [10/Mar/2026:17:38:22 +0000] "GET /wp-admin/plugin-install.php HTTP/1.1" 301 356
65.111.2.105 - - [10/Mar/2026:17:38:22 +0000] "GET /wp-admin/plugin-install.php HTTP/1.1" 301 356 "-" "Mozilla/5.0 (Windows NT 10.0; Win64; x64) AppleWebKit/537.36 (KHTML, like Gecko) Chrome/124.0.6367.207 Safari/537.36"
65.111.2.105 - - [10/Mar/2026:17:38:23 +0000] "GET /wp-admin/plugin-install.php HTTP/1.1" 301 356
65.111.2.105 - - [10/Mar/2026:17:38:23 +0000] "GET /wp-admin/plugin-install.php HTTP/1.1" 301 356 "-" "Mozilla/5.0 (Windows NT 10.0; Win64; x64) AppleWebKit/537.36 (KHTML, like Gecko) Chrome/124.0.6367.207 Safari/537.36"
13.83.90.155 - - [10/Mar/2026:17:38:23 +0000] "GET /vendor/phpunit/phpunit/src/Util/PHP/eval-stdin.php HTTP/1.1" 301 1
13.83.90.155 - - [10/Mar/2026:17:38:23 +0000] "GET /vendor/phpunit/phpunit/src/Util/PHP/eval-stdin.php HTTP/1.1" 301 1 "-" "libredtail-http"
209.50.177.31 - - [10/Mar/2026:17:38:24 +0000] "GET /wp-login.php HTTP/1.1" 301 341
209.50.177.31 - - [10/Mar/2026:17:38:24 +0000] "GET /wp-login.php HTTP/1.1" 301 341 "-" "Mozilla/5.0 (Macintosh; Intel Mac OS X 13_5) AppleWebKit/605.1.15 (KHTML, like Gecko) Version/17.5 Safari/605.1.15"
13.83.90.155 - - [10/Mar/2026:17:38:25 +0000] "GET /vendor/phpunit/phpunit/src/Util/PHP/eval-stdin.php HTTP/1.1" 301 1
13.83.90.155 - - [10/Mar/2026:17:38:25 +0000] "GET /vendor/phpunit/phpunit/src/Util/PHP/eval-stdin.php HTTP/1.1" 301 1 "-" "libredtail-http"
209.50.177.31 - - [10/Mar/2026:17:38:26 +0000] "GET /wp-login.php?wp_lang=en_US HTTP/1.1" 301 355
209.50.177.31 - - [10/Mar/2026:17:38:26 +0000] "GET /wp-login.php?wp_lang=en_US HTTP/1.1" 301 355 "-" "Mozilla/5.0 (Windows NT 10.0; Win64; x64) AppleWebKit/537.36 (KHTML, like Gecko) Chrome/124.0.6367.207 Safari/537.36"
13.83.90.155 - - [10/Mar/2026:17:38:26 +0000] "GET /vendor/phpunit/phpunit/Util/PHP/eval-stdin.php HTTP/1.1" 301 1
13.83.90.155 - - [10/Mar/2026:17:38:26 +0000] "GET /vendor/phpunit/phpunit/Util/PHP/eval-stdin.php HTTP/1.1" 301 1 "-" "libredtail-http"
13.83.90.155 - - [10/Mar/2026:17:38:28 +0000] "GET /vendor/phpunit/src/Util/PHP/eval-stdin.php HTTP/1.1" 301 1
13.83.90.155 - - [10/Mar/2026:17:38:28 +0000] "GET /vendor/phpunit/src/Util/PHP/eval-stdin.php HTTP/1.1" 301 1 "-" "libredtail-http"
209.50.177.31 - - [10/Mar/2026:17:38:28 +0000] "GET /wp-admin/ HTTP/1.1" 301 338
209.50.177.31 - - [10/Mar/2026:17:38:28 +0000] "GET /wp-admin/ HTTP/1.1" 301 338 "https://www.credebtexchange.com/wp-login.php?wp_lang=en_US" "Mozilla/5.0 (Windows NT 10.0; Win64; x64) AppleWebKit/537.36 (KHTML, like Gecko) Chrome/124.0.6367.207 Safari/537.36"
209.50.177.31 - - [10/Mar/2026:17:38:30 +0000] "GET /wp-admin/admin-ajax.php?action=rest-nonce HTTP/1.1" 301 370
209.50.177.31 - - [10/Mar/2026:17:38:30 +0000] "GET /wp-admin/admin-ajax.php?action=rest-nonce HTTP/1.1" 301 370 "-" "Mozilla/5.0 (Windows NT 10.0; Win64; x64) AppleWebKit/537.36 (KHTML, like Gecko) Chrome/124.0.6367.207 Safari/537.36"
13.83.90.155 - - [10/Mar/2026:17:38:30 +0000] "GET /vendor/phpunit/Util/PHP/eval-stdin.php HTTP/1.1" 301 1
13.83.90.155 - - [10/Mar/2026:17:38:30 +0000] "GET /vendor/phpunit/Util/PHP/eval-stdin.php HTTP/1.1" 301 1 "-" "libredtail-http"
209.50.177.31 - - [10/Mar/2026:17:38:30 +0000] "GET /wp-admin/plugin-install.php HTTP/1.1" 301 356
209.50.177.31 - - [10/Mar/2026:17:38:30 +0000] "GET /wp-admin/plugin-install.php HTTP/1.1" 301 356 "-" "Mozilla/5.0 (Windows NT 10.0; Win64; x64) AppleWebKit/537.36 (KHTML, like Gecko) Chrome/124.0.6367.207 Safari/537.36"
209.50.177.31 - - [10/Mar/2026:17:38:31 +0000] "GET /wp-admin/plugin-install.php HTTP/1.1" 301 356
209.50.177.31 - - [10/Mar/2026:17:38:31 +0000] "GET /wp-admin/plugin-install.php HTTP/1.1" 301 356 "-" "Mozilla/5.0 (Windows NT 10.0; Win64; x64) AppleWebKit/537.36 (KHTML, like Gecko) Chrome/124.0.6367.207 Safari/537.36"
13.83.90.155 - - [10/Mar/2026:17:38:31 +0000] "GET /vendor/phpunit/phpunit/LICENSE/eval-stdin.php HTTP/1.1" 301 1
13.83.90.155 - - [10/Mar/2026:17:38:31 +0000] "GET /vendor/phpunit/phpunit/LICENSE/eval-stdin.php HTTP/1.1" 301 1 "-" "libredtail-http"
209.50.177.31 - - [10/Mar/2026:17:38:32 +0000] "GET /wp-admin/plugin-install.php HTTP/1.1" 301 356
209.50.177.31 - - [10/Mar/2026:17:38:32 +0000] "GET /wp-admin/plugin-install.php HTTP/1.1" 301 356 "-" "Mozilla/5.0 (Windows NT 10.0; Win64; x64) AppleWebKit/537.36 (KHTML, like Gecko) Chrome/124.0.6367.207 Safari/537.36"
209.50.177.31 - - [10/Mar/2026:17:38:33 +0000] "GET /wp-admin/plugin-install.php HTTP/1.1" 301 356
209.50.177.31 - - [10/Mar/2026:17:38:33 +0000] "GET /wp-admin/plugin-install.php HTTP/1.1" 301 356 "-" "Mozilla/5.0 (Windows NT 10.0; Win64; x64) AppleWebKit/537.36 (KHTML, like Gecko) Chrome/124.0.6367.207 Safari/537.36"
13.83.90.155 - - [10/Mar/2026:17:38:33 +0000] "GET /vendor/vendor/phpunit/phpunit/src/Util/PHP/eval-stdin.php HTTP/1.1" 301 1
13.83.90.155 - - [10/Mar/2026:17:38:33 +0000] "GET /vendor/vendor/phpunit/phpunit/src/Util/PHP/eval-stdin.php HTTP/1.1" 301 1 "-" "libredtail-http"
209.50.177.31 - - [10/Mar/2026:17:38:34 +0000] "GET /wp-admin/plugin-install.php HTTP/1.1" 301 356
209.50.177.31 - - [10/Mar/2026:17:38:34 +0000] "GET /wp-admin/plugin-install.php HTTP/1.1" 301 356 "-" "Mozilla/5.0 (Windows NT 10.0; Win64; x64) AppleWebKit/537.36 (KHTML, like Gecko) Chrome/124.0.6367.207 Safari/537.36"
209.50.188.86 - - [10/Mar/2026:17:38:34 +0000] "GET /wp-login.php HTTP/1.1" 301 341
209.50.188.86 - - [10/Mar/2026:17:38:34 +0000] "GET /wp-login.php HTTP/1.1" 301 341 "-" "Mozilla/5.0 (Windows NT 10.0; Win64; x64) AppleWebKit/537.36 (KHTML, like Gecko) Chrome/124.0.6367.207 Safari/537.36"
13.83.90.155 - - [10/Mar/2026:17:38:35 +0000] "GET /phpunit/phpunit/src/Util/PHP/eval-stdin.php HTTP/1.1" 301 1
13.83.90.155 - - [10/Mar/2026:17:38:35 +0000] "GET /phpunit/phpunit/src/Util/PHP/eval-stdin.php HTTP/1.1" 301 1 "-" "libredtail-http"
13.83.90.155 - - [10/Mar/2026:17:38:37 +0000] "GET /phpunit/phpunit/Util/PHP/eval-stdin.php HTTP/1.1" 301 1
13.83.90.155 - - [10/Mar/2026:17:38:37 +0000] "GET /phpunit/phpunit/Util/PHP/eval-stdin.php HTTP/1.1" 301 1 "-" "libredtail-http"
13.83.90.155 - - [10/Mar/2026:17:38:38 +0000] "GET /phpunit/src/Util/PHP/eval-stdin.php HTTP/1.1" 301 1
13.83.90.155 - - [10/Mar/2026:17:38:38 +0000] "GET /phpunit/src/Util/PHP/eval-stdin.php HTTP/1.1" 301 1 "-" "libredtail-http"
209.50.188.86 - - [10/Mar/2026:17:38:40 +0000] "GET /wp-login.php?wp_lang=en_US HTTP/1.1" 301 355
209.50.188.86 - - [10/Mar/2026:17:38:40 +0000] "GET /wp-login.php?wp_lang=en_US HTTP/1.1" 301 355 "-" "Mozilla/5.0 (Windows NT 10.0; Win64; x64) AppleWebKit/537.36 (KHTML, like Gecko) Chrome/124.0.6367.207 Safari/537.36"
13.83.90.155 - - [10/Mar/2026:17:38:40 +0000] "GET /phpunit/Util/PHP/eval-stdin.php HTTP/1.1" 301 1
13.83.90.155 - - [10/Mar/2026:17:38:40 +0000] "GET /phpunit/Util/PHP/eval-stdin.php HTTP/1.1" 301 1 "-" "libredtail-http"
13.83.90.155 - - [10/Mar/2026:17:38:42 +0000] "GET /lib/phpunit/phpunit/src/Util/PHP/eval-stdin.php HTTP/1.1" 301 1
13.83.90.155 - - [10/Mar/2026:17:38:42 +0000] "GET /lib/phpunit/phpunit/src/Util/PHP/eval-stdin.php HTTP/1.1" 301 1 "-" "libredtail-http"
209.50.188.86 - - [10/Mar/2026:17:38:42 +0000] "GET /wp-admin/ HTTP/1.1" 301 338
209.50.188.86 - - [10/Mar/2026:17:38:42 +0000] "GET /wp-admin/ HTTP/1.1" 301 338 "https://www.credebtexchange.com/wp-login.php?wp_lang=en_US" "Mozilla/5.0 (Windows NT 10.0; Win64; x64) AppleWebKit/537.36 (KHTML, like Gecko) Chrome/124.0.6367.207 Safari/537.36"
209.50.188.86 - - [10/Mar/2026:17:38:43 +0000] "GET /wp-admin/admin-ajax.php?action=rest-nonce HTTP/1.1" 301 370
209.50.188.86 - - [10/Mar/2026:17:38:43 +0000] "GET /wp-admin/admin-ajax.php?action=rest-nonce HTTP/1.1" 301 370 "-" "Mozilla/5.0 (Windows NT 10.0; Win64; x64) AppleWebKit/537.36 (KHTML, like Gecko) Chrome/124.0.6367.207 Safari/537.36"
13.83.90.155 - - [10/Mar/2026:17:38:43 +0000] "GET /lib/phpunit/phpunit/Util/PHP/eval-stdin.php HTTP/1.1" 301 1
13.83.90.155 - - [10/Mar/2026:17:38:43 +0000] "GET /lib/phpunit/phpunit/Util/PHP/eval-stdin.php HTTP/1.1" 301 1 "-" "libredtail-http"
209.50.188.86 - - [10/Mar/2026:17:38:44 +0000] "GET /wp-admin/plugin-install.php HTTP/1.1" 301 356
209.50.188.86 - - [10/Mar/2026:17:38:44 +0000] "GET /wp-admin/plugin-install.php HTTP/1.1" 301 356 "-" "Mozilla/5.0 (Windows NT 10.0; Win64; x64) AppleWebKit/537.36 (KHTML, like Gecko) Chrome/124.0.6367.207 Safari/537.36"
209.50.188.86 - - [10/Mar/2026:17:38:45 +0000] "GET /wp-admin/plugin-install.php HTTP/1.1" 301 356
209.50.188.86 - - [10/Mar/2026:17:38:45 +0000] "GET /wp-admin/plugin-install.php HTTP/1.1" 301 356 "-" "Mozilla/5.0 (Windows NT 10.0; Win64; x64) AppleWebKit/537.36 (KHTML, like Gecko) Chrome/124.0.6367.207 Safari/537.36"
13.83.90.155 - - [10/Mar/2026:17:38:45 +0000] "GET /lib/phpunit/src/Util/PHP/eval-stdin.php HTTP/1.1" 301 1
13.83.90.155 - - [10/Mar/2026:17:38:45 +0000] "GET /lib/phpunit/src/Util/PHP/eval-stdin.php HTTP/1.1" 301 1 "-" "libredtail-http"
209.50.188.86 - - [10/Mar/2026:17:38:46 +0000] "GET /wp-admin/plugin-install.php HTTP/1.1" 301 356
209.50.188.86 - - [10/Mar/2026:17:38:46 +0000] "GET /wp-admin/plugin-install.php HTTP/1.1" 301 356 "-" "Mozilla/5.0 (Windows NT 10.0; Win64; x64) AppleWebKit/537.36 (KHTML, like Gecko) Chrome/124.0.6367.207 Safari/537.36"
13.83.90.155 - - [10/Mar/2026:17:38:46 +0000] "GET /lib/phpunit/Util/PHP/eval-stdin.php HTTP/1.1" 301 1
13.83.90.155 - - [10/Mar/2026:17:38:46 +0000] "GET /lib/phpunit/Util/PHP/eval-stdin.php HTTP/1.1" 301 1 "-" "libredtail-http"
209.50.188.86 - - [10/Mar/2026:17:38:47 +0000] "GET /wp-admin/plugin-install.php HTTP/1.1" 301 356
209.50.188.86 - - [10/Mar/2026:17:38:47 +0000] "GET /wp-admin/plugin-install.php HTTP/1.1" 301 356 "-" "Mozilla/5.0 (Windows NT 10.0; Win64; x64) AppleWebKit/537.36 (KHTML, like Gecko) Chrome/124.0.6367.207 Safari/537.36"
209.50.188.86 - - [10/Mar/2026:17:38:48 +0000] "GET /wp-admin/plugin-install.php HTTP/1.1" 301 356
209.50.188.86 - - [10/Mar/2026:17:38:48 +0000] "GET /wp-admin/plugin-install.php HTTP/1.1" 301 356 "-" "Mozilla/5.0 (Windows NT 10.0; Win64; x64) AppleWebKit/537.36 (KHTML, like Gecko) Chrome/124.0.6367.207 Safari/537.36"
13.83.90.155 - - [10/Mar/2026:17:38:48 +0000] "GET /lib/vendor/phpunit/phpunit/src/Util/PHP/eval-stdin.php HTTP/1.1" 301 1
13.83.90.155 - - [10/Mar/2026:17:38:48 +0000] "GET /lib/vendor/phpunit/phpunit/src/Util/PHP/eval-stdin.php HTTP/1.1" 301 1 "-" "libredtail-http"
45.3.32.49 - - [10/Mar/2026:17:38:48 +0000] "GET /wp-login.php HTTP/1.1" 301 341
45.3.32.49 - - [10/Mar/2026:17:38:48 +0000] "GET /wp-login.php HTTP/1.1" 301 341 "-" "Mozilla/5.0 (Macintosh; Intel Mac OS X 13_5) AppleWebKit/605.1.15 (KHTML, like Gecko) Version/17.5 Safari/605.1.15"
13.83.90.155 - - [10/Mar/2026:17:38:50 +0000] "GET /laravel/vendor/phpunit/phpunit/src/Util/PHP/eval-stdin.php HTTP/1.1" 301 1
13.83.90.155 - - [10/Mar/2026:17:38:50 +0000] "GET /laravel/vendor/phpunit/phpunit/src/Util/PHP/eval-stdin.php HTTP/1.1" 301 1 "-" "libredtail-http"
13.83.90.155 - - [10/Mar/2026:17:38:51 +0000] "GET /www/vendor/phpunit/phpunit/src/Util/PHP/eval-stdin.php HTTP/1.1" 301 1
13.83.90.155 - - [10/Mar/2026:17:38:51 +0000] "GET /www/vendor/phpunit/phpunit/src/Util/PHP/eval-stdin.php HTTP/1.1" 301 1 "-" "libredtail-http"
13.83.90.155 - - [10/Mar/2026:17:38:53 +0000] "GET /ws/vendor/phpunit/phpunit/src/Util/PHP/eval-stdin.php HTTP/1.1" 301 1
13.83.90.155 - - [10/Mar/2026:17:38:53 +0000] "GET /ws/vendor/phpunit/phpunit/src/Util/PHP/eval-stdin.php HTTP/1.1" 301 1 "-" "libredtail-http"
45.3.32.49 - - [10/Mar/2026:17:38:53 +0000] "GET /wp-login.php?wp_lang=en_US HTTP/1.1" 301 355
45.3.32.49 - - [10/Mar/2026:17:38:53 +0000] "GET /wp-login.php?wp_lang=en_US HTTP/1.1" 301 355 "-" "Mozilla/5.0 (Windows NT 10.0; Win64; x64) AppleWebKit/537.36 (KHTML, like Gecko) Chrome/124.0.6367.207 Safari/537.36"
13.83.90.155 - - [10/Mar/2026:17:38:55 +0000] "GET /yii/vendor/phpunit/phpunit/src/Util/PHP/eval-stdin.php HTTP/1.1" 301 1
13.83.90.155 - - [10/Mar/2026:17:38:55 +0000] "GET /yii/vendor/phpunit/phpunit/src/Util/PHP/eval-stdin.php HTTP/1.1" 301 1 "-" "libredtail-http"
45.3.32.49 - - [10/Mar/2026:17:38:56 +0000] "GET /wp-admin/ HTTP/1.1" 301 338
45.3.32.49 - - [10/Mar/2026:17:38:56 +0000] "GET /wp-admin/ HTTP/1.1" 301 338 "https://www.credebtexchange.com/wp-login.php?wp_lang=en_US" "Mozilla/5.0 (Windows NT 10.0; Win64; x64) AppleWebKit/537.36 (KHTML, like Gecko) Chrome/124.0.6367.207 Safari/537.36"
13.83.90.155 - - [10/Mar/2026:17:38:57 +0000] "GET /zend/vendor/phpunit/phpunit/src/Util/PHP/eval-stdin.php HTTP/1.1" 301 1
13.83.90.155 - - [10/Mar/2026:17:38:57 +0000] "GET /zend/vendor/phpunit/phpunit/src/Util/PHP/eval-stdin.php HTTP/1.1" 301 1 "-" "libredtail-http"
45.3.32.49 - - [10/Mar/2026:17:38:57 +0000] "GET /wp-admin/admin-ajax.php?action=rest-nonce HTTP/1.1" 301 370
45.3.32.49 - - [10/Mar/2026:17:38:57 +0000] "GET /wp-admin/admin-ajax.php?action=rest-nonce HTTP/1.1" 301 370 "-" "Mozilla/5.0 (Windows NT 10.0; Win64; x64) AppleWebKit/537.36 (KHTML, like Gecko) Chrome/124.0.6367.207 Safari/537.36"
45.3.32.49 - - [10/Mar/2026:17:38:58 +0000] "GET /wp-admin/plugin-install.php HTTP/1.1" 301 356
45.3.32.49 - - [10/Mar/2026:17:38:58 +0000] "GET /wp-admin/plugin-install.php HTTP/1.1" 301 356 "-" "Mozilla/5.0 (Windows NT 10.0; Win64; x64) AppleWebKit/537.36 (KHTML, like Gecko) Chrome/124.0.6367.207 Safari/537.36"
13.83.90.155 - - [10/Mar/2026:17:38:58 +0000] "GET /ws/ec/vendor/phpunit/phpunit/src/Util/PHP/eval-stdin.php HTTP/1.1" 301 1
13.83.90.155 - - [10/Mar/2026:17:38:58 +0000] "GET /ws/ec/vendor/phpunit/phpunit/src/Util/PHP/eval-stdin.php HTTP/1.1" 301 1 "-" "libredtail-http"
45.3.32.49 - - [10/Mar/2026:17:38:59 +0000] "GET /wp-admin/plugin-install.php HTTP/1.1" 301 356
45.3.32.49 - - [10/Mar/2026:17:38:59 +0000] "GET /wp-admin/plugin-install.php HTTP/1.1" 301 356 "-" "Mozilla/5.0 (Windows NT 10.0; Win64; x64) AppleWebKit/537.36 (KHTML, like Gecko) Chrome/124.0.6367.207 Safari/537.36"
45.3.32.49 - - [10/Mar/2026:17:39:00 +0000] "GET /wp-admin/plugin-install.php HTTP/1.1" 301 356
45.3.32.49 - - [10/Mar/2026:17:39:00 +0000] "GET /wp-admin/plugin-install.php HTTP/1.1" 301 356 "-" "Mozilla/5.0 (Windows NT 10.0; Win64; x64) AppleWebKit/537.36 (KHTML, like Gecko) Chrome/124.0.6367.207 Safari/537.36"
13.83.90.155 - - [10/Mar/2026:17:39:00 +0000] "GET /V2/vendor/phpunit/phpunit/src/Util/PHP/eval-stdin.php HTTP/1.1" 301 1
13.83.90.155 - - [10/Mar/2026:17:39:00 +0000] "GET /V2/vendor/phpunit/phpunit/src/Util/PHP/eval-stdin.php HTTP/1.1" 301 1 "-" "libredtail-http"
45.3.32.49 - - [10/Mar/2026:17:39:01 +0000] "GET /wp-admin/plugin-install.php HTTP/1.1" 301 356
45.3.32.49 - - [10/Mar/2026:17:39:01 +0000] "GET /wp-admin/plugin-install.php HTTP/1.1" 301 356 "-" "Mozilla/5.0 (Windows NT 10.0; Win64; x64) AppleWebKit/537.36 (KHTML, like Gecko) Chrome/124.0.6367.207 Safari/537.36"
45.3.32.49 - - [10/Mar/2026:17:39:01 +0000] "GET /wp-admin/plugin-install.php HTTP/1.1" 301 356
45.3.32.49 - - [10/Mar/2026:17:39:01 +0000] "GET /wp-admin/plugin-install.php HTTP/1.1" 301 356 "-" "Mozilla/5.0 (Windows NT 10.0; Win64; x64) AppleWebKit/537.36 (KHTML, like Gecko) Chrome/124.0.6367.207 Safari/537.36"
13.83.90.155 - - [10/Mar/2026:17:39:02 +0000] "GET /tests/vendor/phpunit/phpunit/src/Util/PHP/eval-stdin.php HTTP/1.1" 301 1
13.83.90.155 - - [10/Mar/2026:17:39:02 +0000] "GET /tests/vendor/phpunit/phpunit/src/Util/PHP/eval-stdin.php HTTP/1.1" 301 1 "-" "libredtail-http"
209.50.165.57 - - [10/Mar/2026:17:39:02 +0000] "GET /wp-login.php HTTP/1.1" 301 341
209.50.165.57 - - [10/Mar/2026:17:39:02 +0000] "GET /wp-login.php HTTP/1.1" 301 341 "-" "Mozilla/5.0 (Macintosh; Intel Mac OS X 13_5) AppleWebKit/605.1.15 (KHTML, like Gecko) Version/17.5 Safari/605.1.15"
13.83.90.155 - - [10/Mar/2026:17:39:04 +0000] "GET /test/vendor/phpunit/phpunit/src/Util/PHP/eval-stdin.php HTTP/1.1" 301 1
13.83.90.155 - - [10/Mar/2026:17:39:04 +0000] "GET /test/vendor/phpunit/phpunit/src/Util/PHP/eval-stdin.php HTTP/1.1" 301 1 "-" "libredtail-http"
13.83.90.155 - - [10/Mar/2026:17:39:05 +0000] "GET /testing/vendor/phpunit/phpunit/src/Util/PHP/eval-stdin.php HTTP/1.1" 301 1
13.83.90.155 - - [10/Mar/2026:17:39:05 +0000] "GET /testing/vendor/phpunit/phpunit/src/Util/PHP/eval-stdin.php HTTP/1.1" 301 1 "-" "libredtail-http"
54.78.115.243 - - [10/Mar/2026:17:39:07 +0000] "POST /wp-cron.php?doing_wp_cron=1773164347.3619480133056640625000 HTTP/1.1" 301 388
54.78.115.243 - - [10/Mar/2026:17:39:07 +0000] "POST /wp-cron.php?doing_wp_cron=1773164347.3619480133056640625000 HTTP/1.1" 301 388 "http://www.credebtexchange.com/wp-cron.php?doing_wp_cron=1773164347.3619480133056640625000" "WordPress/5.6.15; http://www.credebtexchange.com"
13.83.90.155 - - [10/Mar/2026:17:39:07 +0000] "GET /api/vendor/phpunit/phpunit/src/Util/PHP/eval-stdin.php HTTP/1.1" 301 1
13.83.90.155 - - [10/Mar/2026:17:39:07 +0000] "GET /api/vendor/phpunit/phpunit/src/Util/PHP/eval-stdin.php HTTP/1.1" 301 1 "-" "libredtail-http"
13.83.90.155 - - [10/Mar/2026:17:39:09 +0000] "GET /demo/vendor/phpunit/phpunit/src/Util/PHP/eval-stdin.php HTTP/1.1" 301 1
13.83.90.155 - - [10/Mar/2026:17:39:09 +0000] "GET /demo/vendor/phpunit/phpunit/src/Util/PHP/eval-stdin.php HTTP/1.1" 301 1 "-" "libredtail-http"
13.83.90.155 - - [10/Mar/2026:17:39:10 +0000] "GET /cms/vendor/phpunit/phpunit/src/Util/PHP/eval-stdin.php HTTP/1.1" 301 1
13.83.90.155 - - [10/Mar/2026:17:39:10 +0000] "GET /cms/vendor/phpunit/phpunit/src/Util/PHP/eval-stdin.php HTTP/1.1" 301 1 "-" "libredtail-http"
13.83.90.155 - - [10/Mar/2026:17:39:12 +0000] "GET /crm/vendor/phpunit/phpunit/src/Util/PHP/eval-stdin.php HTTP/1.1" 301 1
13.83.90.155 - - [10/Mar/2026:17:39:12 +0000] "GET /crm/vendor/phpunit/phpunit/src/Util/PHP/eval-stdin.php HTTP/1.1" 301 1 "-" "libredtail-http"
13.83.90.155 - - [10/Mar/2026:17:39:14 +0000] "GET /admin/vendor/phpunit/phpunit/src/Util/PHP/eval-stdin.php HTTP/1.1" 301 1
13.83.90.155 - - [10/Mar/2026:17:39:14 +0000] "GET /admin/vendor/phpunit/phpunit/src/Util/PHP/eval-stdin.php HTTP/1.1" 301 1 "-" "libredtail-http"
13.83.90.155 - - [10/Mar/2026:17:39:15 +0000] "GET /backup/vendor/phpunit/phpunit/src/Util/PHP/eval-stdin.php HTTP/1.1" 301 1
13.83.90.155 - - [10/Mar/2026:17:39:15 +0000] "GET /backup/vendor/phpunit/phpunit/src/Util/PHP/eval-stdin.php HTTP/1.1" 301 1 "-" "libredtail-http"
13.83.90.155 - - [10/Mar/2026:17:39:17 +0000] "GET /blog/vendor/phpunit/phpunit/src/Util/PHP/eval-stdin.php HTTP/1.1" 301 1
13.83.90.155 - - [10/Mar/2026:17:39:17 +0000] "GET /blog/vendor/phpunit/phpunit/src/Util/PHP/eval-stdin.php HTTP/1.1" 301 1 "-" "libredtail-http"
13.83.90.155 - - [10/Mar/2026:17:39:19 +0000] "GET /workspace/drupal/vendor/phpunit/phpunit/src/Util/PHP/eval-stdin.php HTTP/1.1" 301 1
13.83.90.155 - - [10/Mar/2026:17:39:19 +0000] "GET /workspace/drupal/vendor/phpunit/phpunit/src/Util/PHP/eval-stdin.php HTTP/1.1" 301 1 "-" "libredtail-http"
13.83.90.155 - - [10/Mar/2026:17:39:21 +0000] "GET /panel/vendor/phpunit/phpunit/src/Util/PHP/eval-stdin.php HTTP/1.1" 301 1
13.83.90.155 - - [10/Mar/2026:17:39:21 +0000] "GET /panel/vendor/phpunit/phpunit/src/Util/PHP/eval-stdin.php HTTP/1.1" 301 1 "-" "libredtail-http"
13.83.90.155 - - [10/Mar/2026:17:39:23 +0000] "GET /public/vendor/phpunit/phpunit/src/Util/PHP/eval-stdin.php HTTP/1.1" 301 1
13.83.90.155 - - [10/Mar/2026:17:39:23 +0000] "GET /public/vendor/phpunit/phpunit/src/Util/PHP/eval-stdin.php HTTP/1.1" 301 1 "-" "libredtail-http"
13.83.90.155 - - [10/Mar/2026:17:39:24 +0000] "GET /apps/vendor/phpunit/phpunit/src/Util/PHP/eval-stdin.php HTTP/1.1" 301 1
13.83.90.155 - - [10/Mar/2026:17:39:24 +0000] "GET /apps/vendor/phpunit/phpunit/src/Util/PHP/eval-stdin.php HTTP/1.1" 301 1 "-" "libredtail-http"
13.83.90.155 - - [10/Mar/2026:17:39:26 +0000] "GET /app/vendor/phpunit/phpunit/src/Util/PHP/eval-stdin.php HTTP/1.1" 301 1
13.83.90.155 - - [10/Mar/2026:17:39:26 +0000] "GET /app/vendor/phpunit/phpunit/src/Util/PHP/eval-stdin.php HTTP/1.1" 301 1 "-" "libredtail-http"
13.83.90.155 - - [10/Mar/2026:17:39:28 +0000] "GET /index.php?s=/index/\\think\\app/invokefunction&function=call_user_func_array&vars[0]=md5&vars[1][]=Hello HTTP/1.1" 200 1
13.83.90.155 - - [10/Mar/2026:17:39:28 +0000] "GET /index.php?s=/index/\\think\\app/invokefunction&function=call_user_func_array&vars[0]=md5&vars[1][]=Hello HTTP/1.1" 200 1 "-" "libredtail-http"
13.83.90.155 - - [10/Mar/2026:17:39:33 +0000] "GET /public/index.php?s=/index/\\think\\app/invokefunction&function=call_user_func_array&vars[0]=md5&vars[1][]=Hello HTTP/1.1" 301 1
13.83.90.155 - - [10/Mar/2026:17:39:33 +0000] "GET /public/index.php?s=/index/\\think\\app/invokefunction&function=call_user_func_array&vars[0]=md5&vars[1][]=Hello HTTP/1.1" 301 1 "-" "libredtail-http"
13.83.90.155 - - [10/Mar/2026:17:39:35 +0000] "GET /index.php?lang=../../../../../../../../usr/local/lib/php/pearcmd&+config-create+/&/<?echo(md5(\"hi\"));?>+/tmp/index1.php HTTP/1.1" 200 1
13.83.90.155 - - [10/Mar/2026:17:39:35 +0000] "GET /index.php?lang=../../../../../../../../usr/local/lib/php/pearcmd&+config-create+/&/<?echo(md5(\"hi\"));?>+/tmp/index1.php HTTP/1.1" 200 1 "-" "libredtail-http"
13.83.90.155 - - [10/Mar/2026:17:39:37 +0000] "GET /index.php?lang=../../../../../../../../tmp/index1 HTTP/1.1" 200 1
13.83.90.155 - - [10/Mar/2026:17:39:37 +0000] "GET /index.php?lang=../../../../../../../../tmp/index1 HTTP/1.1" 200 1 "-" "libredtail-http"
13.83.90.155 - - [10/Mar/2026:17:39:39 +0000] "GET /containers/json HTTP/1.1" 301 1
13.83.90.155 - - [10/Mar/2026:17:39:39 +0000] "GET /containers/json HTTP/1.1" 301 1 "-" "libredtail-http"
40.77.167.126 - - [10/Mar/2026:17:39:56 +0000] "GET /intermediary HTTP/1.1" 301 341
40.77.167.126 - - [10/Mar/2026:17:39:56 +0000] "GET /intermediary HTTP/1.1" 301 341 "-" "Mozilla/5.0 AppleWebKit/537.36 (KHTML, like Gecko; compatible; bingbot/2.0; +http://www.bing.com/bingbot.htm) Chrome/116.0.1938.76 Safari/537.36"
172.245.157.58 - - [10/Mar/2026:17:45:02 +0000] "GET /.env HTTP/1.1" 404 1
172.245.157.58 - - [10/Mar/2026:17:45:02 +0000] "GET /.env HTTP/1.1" 404 1 "-" "Mozilla/5.0 (Windows NT 10.0; Win64; x64) AppleWebKit/537.36 (KHTML, like Gecko) Chrome/116.0.5845.140 Safari/537.36"
172.245.157.58 - - [10/Mar/2026:17:45:03 +0000] "POST / HTTP/1.1" 200 1
172.245.157.58 - - [10/Mar/2026:17:45:03 +0000] "POST / HTTP/1.1" 200 1 "-" "Mozilla/5.0 (Windows NT 10.0; Win64; x64) AppleWebKit/537.36 (KHTML, like Gecko) Chrome/116.0.5845.140 Safari/537.36"
18.213.27.222 - - [10/Mar/2026:17:45:57 +0000] "GET / HTTP/1.1" 301 1
18.213.27.222 - - [10/Mar/2026:17:45:57 +0000] "GET / HTTP/1.1" 301 1 "-" "Mozilla/5.0 AppleWebKit/537.36 (KHTML, like Gecko; compatible; Amazonbot/0.1; +https://developer.amazon.com/support/amazonbot) Chrome/119.0.6045.214 Safari/537.36"
18.213.27.222 - - [10/Mar/2026:17:45:58 +0000] "GET / HTTP/1.1" 301 329
18.213.27.222 - - [10/Mar/2026:17:45:58 +0000] "GET / HTTP/1.1" 301 329 "-" "Mozilla/5.0 AppleWebKit/537.36 (KHTML, like Gecko; compatible; Amazonbot/0.1; +https://developer.amazon.com/support/amazonbot) Chrome/119.0.6045.214 Safari/537.36"
159.65.156.72 - - [10/Mar/2026:17:49:21 +0000] "GET / HTTP/1.1" 200 1
159.65.156.72 - - [10/Mar/2026:17:49:21 +0000] "GET / HTTP/1.1" 200 1 "-" "-"
103.208.230.121 - - [10/Mar/2026:17:51:08 +0000] "GET /boaform/admin/formLogin?username=user&psd=user HTTP/1.0" 404 917
103.208.230.121 - - [10/Mar/2026:17:51:08 +0000] "GET /boaform/admin/formLogin?username=user&psd=user HTTP/1.0" 404 917 "-" "-"
176.31.139.2 - - [10/Mar/2026:17:52:13 +0000] "GET /robots.txt HTTP/1.1" 301 339
176.31.139.2 - - [10/Mar/2026:17:52:13 +0000] "GET /robots.txt HTTP/1.1" 301 339 "-" "Mozilla/5.0 (compatible; AhrefsBot/7.0; +http://ahrefs.com/robot/)"
5.39.1.242 - - [10/Mar/2026:17:52:16 +0000] "GET / HTTP/1.1" 301 329
5.39.1.242 - - [10/Mar/2026:17:52:16 +0000] "GET / HTTP/1.1" 301 329 "-" "Mozilla/5.0 (compatible; AhrefsBot/7.0; +http://ahrefs.com/robot/)"
35.202.17.194 - - [10/Mar/2026:17:52:41 +0000] "HEAD /wordpress/ HTTP/1.1" 404 -
35.202.17.194 - - [10/Mar/2026:17:52:41 +0000] "HEAD /wordpress/ HTTP/1.1" 404 - "http://credebt-exchange.com/wordpress/" "Mozilla/5.0 (X11; Fedora; Linux x86_64; rv:125.0) Gecko/20100101 Firefox/125.0"
35.202.17.194 - - [10/Mar/2026:17:52:42 +0000] "HEAD / HTTP/1.1" 301 -
35.202.17.194 - - [10/Mar/2026:17:52:42 +0000] "HEAD / HTTP/1.1" 301 - "http://credebt-exchange.com/" "Mozilla/5.0 (Windows NT 10.0; Win64; x64) AppleWebKit/537.36 (KHTML, like Gecko) Chrome/125.0.6422.112 Safari/537.36 Brave/1.63.120"
35.202.17.194 - - [10/Mar/2026:17:52:42 +0000] "HEAD / HTTP/1.1" 301 -
35.202.17.194 - - [10/Mar/2026:17:52:42 +0000] "HEAD / HTTP/1.1" 301 - "http://www.debtorsxchange.com/" "Mozilla/5.0 (Windows NT 10.0; Win64; x64) AppleWebKit/537.36 (KHTML, like Gecko) Chrome/125.0.6422.112 Safari/537.36 Brave/1.63.120"
35.202.17.194 - - [10/Mar/2026:17:52:44 +0000] "HEAD /backup/ HTTP/1.1" 404 -
35.202.17.194 - - [10/Mar/2026:17:52:44 +0000] "HEAD /backup/ HTTP/1.1" 404 - "http://credebt-exchange.com/backup/" "Mozilla/5.0 (Macintosh; Intel Mac OS X 13_5) AppleWebKit/605.1.15 (KHTML, like Gecko) Version/16.5 Safari/605.1.15"
35.202.17.194 - - [10/Mar/2026:17:52:44 +0000] "HEAD /old/ HTTP/1.1" 404 -
35.202.17.194 - - [10/Mar/2026:17:52:44 +0000] "HEAD /old/ HTTP/1.1" 404 - "http://credebt-exchange.com/old/" "Mozilla/5.0 (Windows NT 10.0; Win64; x64) AppleWebKit/537.36 (KHTML, like Gecko) Chrome/127.0.6534.42 Safari/537.36"
35.202.17.194 - - [10/Mar/2026:17:52:45 +0000] "HEAD /wp/ HTTP/1.1" 404 -
35.202.17.194 - - [10/Mar/2026:17:52:45 +0000] "HEAD /wp/ HTTP/1.1" 404 - "http://credebt-exchange.com/wp/" "Mozilla/5.0 (Linux; Android 12; Redmi Note 11) AppleWebKit/537.36 (KHTML, like Gecko) Chrome/123.0.6312.112 Mobile Safari/537.36"
35.202.17.194 - - [10/Mar/2026:17:52:45 +0000] "HEAD /blog/ HTTP/1.1" 301 -
35.202.17.194 - - [10/Mar/2026:17:52:45 +0000] "HEAD /blog/ HTTP/1.1" 301 - "http://credebt-exchange.com/blog/" "Mozilla/5.0 (Linux; Android 14; RMX3842) AppleWebKit/537.36 (KHTML, like Gecko) Chrome/126.0.6478.44 Mobile Safari/537.36"
35.202.17.194 - - [10/Mar/2026:17:52:46 +0000] "HEAD /blog HTTP/1.1" 200 -
35.202.17.194 - - [10/Mar/2026:17:52:46 +0000] "HEAD /blog HTTP/1.1" 200 - "http://www.debtorsxchange.com/blog/" "Mozilla/5.0 (Linux; Android 14; RMX3842) AppleWebKit/537.36 (KHTML, like Gecko) Chrome/126.0.6478.44 Mobile Safari/537.36"
34.62.186.239 - - [10/Mar/2026:17:54:51 +0000] "GET /robots.txt HTTP/1.1" 301 339
34.62.186.239 - - [10/Mar/2026:17:54:51 +0000] "GET /robots.txt HTTP/1.1" 301 339 "-" "DnBCrawler-Analytics"
34.62.186.239 - - [10/Mar/2026:17:54:52 +0000] "GET / HTTP/1.1" 301 329
34.62.186.239 - - [10/Mar/2026:17:54:52 +0000] "GET / HTTP/1.1" 301 329 "-" "DnBCrawler-Analytics"
34.62.186.239 - - [10/Mar/2026:17:54:54 +0000] "GET /robots.txt HTTP/1.1" 301 335
34.62.186.239 - - [10/Mar/2026:17:54:54 +0000] "GET /robots.txt HTTP/1.1" 301 335 "-" "DnBCrawler-Analytics"
34.62.186.239 - - [10/Mar/2026:17:54:54 +0000] "GET / HTTP/1.1" 301 325
34.62.186.239 - - [10/Mar/2026:17:54:54 +0000] "GET / HTTP/1.1" 301 325 "-" "DnBCrawler-Analytics"
66.249.75.129 - - [10/Mar/2026:17:54:54 +0000] "GET / HTTP/1.1" 301 329
66.249.75.129 - - [10/Mar/2026:17:54:54 +0000] "GET / HTTP/1.1" 301 329 "-" "Mozilla/5.0 (compatible; Googlebot/2.1; +http://www.google.com/bot.html)"
139.59.66.30 - - [10/Mar/2026:17:56:58 +0000] "GET / HTTP/1.1" 200 1
139.59.66.30 - - [10/Mar/2026:17:56:58 +0000] "GET / HTTP/1.1" 200 1 "-" "Mozilla/5.0 (Windows NT 10.0; Win64; x64) AppleWebKit/537.36 (KHTML, like Gecko) Chrome/90.0.4430.85 Safari/537.36 Edg/90.0.818.46"
115.45.43.235 - - [10/Mar/2026:17:57:49 +0000] "GET /robots.txt HTTP/1.1" 301 339
115.45.43.235 - - [10/Mar/2026:17:57:49 +0000] "GET /robots.txt HTTP/1.1" 301 339 "-" "Mozilla/5.0 (Windows NT 10.0; Win64; x64) AppleWebKit/537.36 (KHTML, like Gecko) Chrome/60.0.3115.139 Safari/537.36 OPR/63.0.3368.43"
164.55.247.243 - - [10/Mar/2026:18:04:41 +0000] "GET / HTTP/1.1" 301 329
164.55.247.243 - - [10/Mar/2026:18:04:41 +0000] "GET / HTTP/1.1" 301 329 "-" "Mozilla/5.0 (Windows NT 10.0; Win64; x64) AppleWebKit/537.36 (KHTML, like Gecko) Chrome/53.0.2785.0 Safari/537.36"
159.65.156.72 - - [10/Mar/2026:18:10:39 +0000] "GET / HTTP/1.1" 200 1
159.65.156.72 - - [10/Mar/2026:18:10:39 +0000] "GET / HTTP/1.1" 200 1 "-" "-"
167.71.230.20 - - [10/Mar/2026:18:12:01 +0000] "GET / HTTP/1.1" 200 1
167.71.230.20 - - [10/Mar/2026:18:12:01 +0000] "GET / HTTP/1.1" 200 1 "-" "Mozilla/5.0 (Windows NT 10.0; Win64; x64) AppleWebKit/537.36 (KHTML, like Gecko) Chrome/90.0.4430.85 Safari/537.36 Edg/90.0.818.46"
38.148.244.2 - - [10/Mar/2026:18:17:52 +0000] "POST /Public/admin/webuploader/server/preview.php HTTP/1.1" 404 1
38.148.244.2 - - [10/Mar/2026:18:17:52 +0000] "POST /Public/admin/webuploader/server/preview.php HTTP/1.1" 404 1 "-" "Mozilla/5.0 AppleWebKit/601.1.46 (KHTML, like Gecko) Version/9.0"
38.148.244.2 - - [10/Mar/2026:18:17:53 +0000] "POST /lib/webuploader/0.1.5/server/preview.php HTTP/1.1" 404 1
38.148.244.2 - - [10/Mar/2026:18:17:53 +0000] "POST /lib/webuploader/0.1.5/server/preview.php HTTP/1.1" 404 1 "-" "Mozilla/5.0 AppleWebKit/601.1.46 (KHTML, like Gecko) Version/9.0"
38.148.244.2 - - [10/Mar/2026:18:17:53 +0000] "POST /public/static/lib/webuploader/0.1.5/server/preview.php HTTP/1.1" 404 1
38.148.244.2 - - [10/Mar/2026:18:17:53 +0000] "POST /public/static/lib/webuploader/0.1.5/server/preview.php HTTP/1.1" 404 1 "-" "Mozilla/5.0 AppleWebKit/601.1.46 (KHTML, like Gecko) Version/9.0"
38.148.244.2 - - [10/Mar/2026:18:17:54 +0000] "POST /static/admin/lib/webuploader/0.1.5/server/preview.php HTTP/1.1" 404 1
38.148.244.2 - - [10/Mar/2026:18:17:54 +0000] "POST /static/admin/lib/webuploader/0.1.5/server/preview.php HTTP/1.1" 404 1 "-" "Mozilla/5.0 AppleWebKit/601.1.46 (KHTML, like Gecko) Version/9.0"
38.148.244.2 - - [10/Mar/2026:18:17:56 +0000] "POST /static/admin/hui/lib/webuploader/0.1.5/server/preview.php HTTP/1.1" 404 1
38.148.244.2 - - [10/Mar/2026:18:17:56 +0000] "POST /static/admin/hui/lib/webuploader/0.1.5/server/preview.php HTTP/1.1" 404 1 "-" "Mozilla/5.0 AppleWebKit/601.1.46 (KHTML, like Gecko) Version/9.0"
38.148.244.2 - - [10/Mar/2026:18:17:56 +0000] "POST /public/static/admin/lib/webuploader/0.1.5/server/preview.php HTTP/1.1" 404 1
38.148.244.2 - - [10/Mar/2026:18:17:56 +0000] "POST /public/static/admin/lib/webuploader/0.1.5/server/preview.php HTTP/1.1" 404 1 "-" "Mozilla/5.0 AppleWebKit/601.1.46 (KHTML, like Gecko) Version/9.0"
38.148.244.2 - - [10/Mar/2026:18:17:58 +0000] "POST /Public/webuploader/0.1.5/server/preview.php HTTP/1.1" 404 1
38.148.244.2 - - [10/Mar/2026:18:17:58 +0000] "POST /Public/webuploader/0.1.5/server/preview.php HTTP/1.1" 404 1 "-" "Mozilla/5.0 AppleWebKit/601.1.46 (KHTML, like Gecko) Version/9.0"
54.78.115.243 - - [10/Mar/2026:18:17:59 +0000] "POST /wp-cron.php?doing_wp_cron=1773166679.4384539127349853515625 HTTP/1.1" 301 388
54.78.115.243 - - [10/Mar/2026:18:17:59 +0000] "POST /wp-cron.php?doing_wp_cron=1773166679.4384539127349853515625 HTTP/1.1" 301 388 "http://www.credebtexchange.com/wp-cron.php?doing_wp_cron=1773166679.4384539127349853515625" "WordPress/5.6.15; http://www.credebtexchange.com"
38.148.244.2 - - [10/Mar/2026:18:17:59 +0000] "POST /static/lib/webuploader/0.1.5/server/preview.php HTTP/1.1" 404 1
38.148.244.2 - - [10/Mar/2026:18:17:59 +0000] "POST /static/lib/webuploader/0.1.5/server/preview.php HTTP/1.1" 404 1 "-" "Mozilla/5.0 AppleWebKit/601.1.46 (KHTML, like Gecko) Version/9.0"
38.148.244.2 - - [10/Mar/2026:18:17:59 +0000] "POST /admin/lib/webuploader/0.1.5/server/preview.php HTTP/1.1" 404 1
38.148.244.2 - - [10/Mar/2026:18:17:59 +0000] "POST /admin/lib/webuploader/0.1.5/server/preview.php HTTP/1.1" 404 1 "-" "Mozilla/5.0 AppleWebKit/601.1.46 (KHTML, like Gecko) Version/9.0"
38.148.244.2 - - [10/Mar/2026:18:18:00 +0000] "POST /Public/admin/Widget/webuploader/0.1.5/server/preview.php HTTP/1.1" 404 1
38.148.244.2 - - [10/Mar/2026:18:18:00 +0000] "POST /Public/admin/Widget/webuploader/0.1.5/server/preview.php HTTP/1.1" 404 1 "-" "Mozilla/5.0 AppleWebKit/601.1.46 (KHTML, like Gecko) Version/9.0"
38.148.244.2 - - [10/Mar/2026:18:18:00 +0000] "POST /Public/admin/lib/webuploader/0.1.5/server/preview.php HTTP/1.1" 404 1
38.148.244.2 - - [10/Mar/2026:18:18:00 +0000] "POST /Public/admin/lib/webuploader/0.1.5/server/preview.php HTTP/1.1" 404 1 "-" "Mozilla/5.0 AppleWebKit/601.1.46 (KHTML, like Gecko) Version/9.0"
185.242.3.19 - - [10/Mar/2026:18:19:20 +0000] "GET //wp-content/plugins/fix/up.php HTTP/1.1" 301 354
185.242.3.19 - - [10/Mar/2026:18:19:20 +0000] "GET //wp-content/plugins/fix/up.php HTTP/1.1" 301 354 "-" "Mozilla/5.0 (Windows NT 10.0; Win64; x64) AppleWebKit/537.36 (KHTML, like Gecko) Chrome/85.0.4183.102 Safari/537.36"
139.59.66.30 - - [10/Mar/2026:18:19:33 +0000] "GET / HTTP/1.1" 200 1
139.59.66.30 - - [10/Mar/2026:18:19:33 +0000] "GET / HTTP/1.1" 200 1 "-" "Mozilla/5.0 (Windows NT 10.0; Win64; x64) AppleWebKit/537.36 (KHTML, like Gecko) Chrome/90.0.4430.85 Safari/537.36 Edg/90.0.818.46"
34.29.110.173 - - [10/Mar/2026:18:19:34 +0000] "HEAD /blog/ HTTP/1.1" 301 -
34.29.110.173 - - [10/Mar/2026:18:19:34 +0000] "HEAD /blog/ HTTP/1.1" 301 - "http://debtorsxchange.com/blog/" "Mozilla/5.0 (Windows NT 10.0; Win64; x64; rv:127.0) Gecko/20100101 Firefox/127.0"
34.29.110.173 - - [10/Mar/2026:18:19:34 +0000] "HEAD /blog HTTP/1.1" 200 -
34.29.110.173 - - [10/Mar/2026:18:19:34 +0000] "HEAD /blog HTTP/1.1" 200 - "http://www.debtorsxchange.com/blog/" "Mozilla/5.0 (Windows NT 10.0; Win64; x64; rv:127.0) Gecko/20100101 Firefox/127.0"
34.29.110.173 - - [10/Mar/2026:18:19:35 +0000] "HEAD /wp/ HTTP/1.1" 404 -
34.29.110.173 - - [10/Mar/2026:18:19:35 +0000] "HEAD /wp/ HTTP/1.1" 404 - "http://debtorsxchange.com/wp/" "Mozilla/5.0 (Linux; Android 11; moto g31) AppleWebKit/537.36 (KHTML, like Gecko) Chrome/122.0.6261.96 Mobile Safari/537.36"
34.29.110.173 - - [10/Mar/2026:18:19:36 +0000] "HEAD /wordpress/ HTTP/1.1" 404 -
34.29.110.173 - - [10/Mar/2026:18:19:36 +0000] "HEAD /wordpress/ HTTP/1.1" 404 - "http://debtorsxchange.com/wordpress/" "Mozilla/5.0 (iPhone; CPU iPhone OS 16_7 like Mac OS X) AppleWebKit/605.1.15 (KHTML, like Gecko) Version/16.7 Mobile/15E148 Safari/604.1"
34.29.110.173 - - [10/Mar/2026:18:19:36 +0000] "HEAD /backup/ HTTP/1.1" 404 -
34.29.110.173 - - [10/Mar/2026:18:19:36 +0000] "HEAD /backup/ HTTP/1.1" 404 - "http://debtorsxchange.com/backup/" "Mozilla/5.0 (Macintosh; Intel Mac OS X 15_0) AppleWebKit/537.36 (KHTML, like Gecko) Chrome/125.0.6422.141 Safari/537.36"
34.29.110.173 - - [10/Mar/2026:18:19:37 +0000] "HEAD /old/ HTTP/1.1" 404 -
34.29.110.173 - - [10/Mar/2026:18:19:37 +0000] "HEAD /old/ HTTP/1.1" 404 - "http://debtorsxchange.com/old/" "Mozilla/5.0 (Windows NT 10.0; Win64; x64; rv:127.0) Gecko/20100101 Firefox/127.0"
34.29.110.173 - - [10/Mar/2026:18:19:37 +0000] "HEAD / HTTP/1.1" 301 -
34.29.110.173 - - [10/Mar/2026:18:19:37 +0000] "HEAD / HTTP/1.1" 301 - "http://debtorsxchange.com/" "Mozilla/5.0 (X11; Linux x86_64; rv:127.0) Gecko/20100101 Firefox/127.0"
34.29.110.173 - - [10/Mar/2026:18:19:38 +0000] "HEAD / HTTP/1.1" 301 -
34.29.110.173 - - [10/Mar/2026:18:19:38 +0000] "HEAD / HTTP/1.1" 301 - "http://www.debtorsxchange.com/" "Mozilla/5.0 (X11; Linux x86_64; rv:127.0) Gecko/20100101 Firefox/127.0"
34.29.110.173 - - [10/Mar/2026:18:19:39 +0000] "HEAD /new/ HTTP/1.1" 301 -
34.29.110.173 - - [10/Mar/2026:18:19:39 +0000] "HEAD /new/ HTTP/1.1" 301 - "http://debtorsxchange.com/new/" "Mozilla/5.0 (Windows NT 11.0; Win64; x64) AppleWebKit/537.36 (KHTML, like Gecko) Edg/128.0.2790.25 Chrome/128.0.6540.22 Safari/537.36"
34.29.110.173 - - [10/Mar/2026:18:19:39 +0000] "HEAD /new HTTP/1.1" 200 -
34.29.110.173 - - [10/Mar/2026:18:19:39 +0000] "HEAD /new HTTP/1.1" 200 - "http://www.debtorsxchange.com/new/" "Mozilla/5.0 (Windows NT 11.0; Win64; x64) AppleWebKit/537.36 (KHTML, like Gecko) Edg/128.0.2790.25 Chrome/128.0.6540.22 Safari/537.36"
34.158.79.105 - - [10/Mar/2026:18:20:37 +0000] "GET /.env HTTP/1.1" 301 1
34.158.79.105 - - [10/Mar/2026:18:20:37 +0000] "GET /.env HTTP/1.1" 301 1 "-" "Mozilla/5.0 (X11; Linux x86_64) AppleWebKit/537.36 Chrome/120.0.0.0"
34.158.79.105 - - [10/Mar/2026:18:20:37 +0000] "\x16\x03\x01\x05\xa8\x01" 400 315
34.158.79.105 - - [10/Mar/2026:18:20:37 +0000] "\x16\x03\x01\x05\xa8\x01" 400 315 "-" "-"
198.235.24.32 - - [10/Mar/2026:18:24:56 +0000] "\x16\x03\x01" 400 315
198.235.24.32 - - [10/Mar/2026:18:24:56 +0000] "\x16\x03\x01" 400 315 "-" "-"
198.235.24.32 - - [10/Mar/2026:18:24:57 +0000] "\x16\x03\x01" 400 315
198.235.24.32 - - [10/Mar/2026:18:24:57 +0000] "\x16\x03\x01" 400 315 "-" "-"
45.38.86.236 - - [10/Mar/2026:18:34:53 +0000] "GET /.env HTTP/1.1" 404 1
45.38.86.236 - - [10/Mar/2026:18:34:53 +0000] "GET /.env HTTP/1.1" 404 1 "-" "Mozilla/5.0 (Windows NT 10.0; Win64; x64) AppleWebKit/537.36 (KHTML, like Gecko) Chrome/116.0.5845.140 Safari/537.36"
45.38.86.236 - - [10/Mar/2026:18:34:53 +0000] "POST / HTTP/1.1" 200 1
45.38.86.236 - - [10/Mar/2026:18:34:53 +0000] "POST / HTTP/1.1" 200 1 "-" "Mozilla/5.0 (Windows NT 10.0; Win64; x64) AppleWebKit/537.36 (KHTML, like Gecko) Chrome/116.0.5845.140 Safari/537.36"
167.71.230.20 - - [10/Mar/2026:18:37:22 +0000] "GET / HTTP/1.1" 200 1
167.71.230.20 - - [10/Mar/2026:18:37:22 +0000] "GET / HTTP/1.1" 200 1 "-" "Mozilla/5.0 (Windows NT 10.0; Win64; x64) AppleWebKit/537.36 (KHTML, like Gecko) Chrome/90.0.4430.85 Safari/537.36 Edg/90.0.818.46"
51.255.83.13 - - [10/Mar/2026:18:37:44 +0000] "GET / HTTP/1.1" 301 325
51.255.83.13 - - [10/Mar/2026:18:37:44 +0000] "GET / HTTP/1.1" 301 325 "-" "Mozilla/5.0 (Windows NT 10.0; WOW64; rv:56.0) Gecko/20100101 Firefox/56.0"
43.153.74.75 - - [10/Mar/2026:18:37:51 +0000] "GET / HTTP/1.1" 301 1
43.153.74.75 - - [10/Mar/2026:18:37:51 +0000] "GET / HTTP/1.1" 301 1 "-" "Mozilla/5.0 (iPhone; CPU iPhone OS 13_2_3 like Mac OS X) AppleWebKit/605.1.15 (KHTML, like Gecko) Version/13.0.3 Mobile/15E148 Safari/604.1"
43.153.74.75 - - [10/Mar/2026:18:37:52 +0000] "GET / HTTP/1.1" 301 329
43.153.74.75 - - [10/Mar/2026:18:37:52 +0000] "GET / HTTP/1.1" 301 329 "http://54.78.115.243" "Mozilla/5.0 (iPhone; CPU iPhone OS 13_2_3 like Mac OS X) AppleWebKit/605.1.15 (KHTML, like Gecko) Version/13.0.3 Mobile/15E148 Safari/604.1"
5.61.209.96 - - [10/Mar/2026:18:45:10 +0000] "GET /SDK/webLanguage HTTP/1.1" 301 1
5.61.209.96 - - [10/Mar/2026:18:45:10 +0000] "GET /SDK/webLanguage HTTP/1.1" 301 1 "-" "Mozilla/5.0 (Windows NT 10.0; Win64; x64) AppleWebKit/537.36 (KHTML, like Gecko) Chrome/90.0.4430.85 Safari/537.36 Edg/90.0.818.46"
5.61.209.96 - - [10/Mar/2026:18:47:08 +0000] "GET /SDK/webLanguage HTTP/1.1" 301 1
5.61.209.96 - - [10/Mar/2026:18:47:08 +0000] "GET /SDK/webLanguage HTTP/1.1" 301 1 "-" "Mozilla/5.0 (Windows NT 10.0; Win64; x64) AppleWebKit/537.36 (KHTML, like Gecko) Chrome/90.0.4430.85 Safari/537.36 Edg/90.0.818.46"
193.32.248.197 - - [10/Mar/2026:18:50:14 +0000] "GET / HTTP/1.1" 301 325
