File: /www/sites/www.credebtexchange.com-new/logs/ssl_access_log-20241027
86.43.79.64 - - [24/Oct/2024:19:50:21 +0100] "POST /exchange/index.php?do=cache HTTP/1.1" 200 - "https://www.credebtexchange.com/exchange/index.php?do=mytrastatements" "Mozilla/5.0 (Windows NT 10.0; Win64; x64) AppleWebKit/537.36 (KHTML, like Gecko) Chrome/130.0.0.0 Safari/537.36"
[24/Oct/2024:19:50:21 +0100] 86.43.79.64 TLSv1.2 ECDHE-RSA-AES256-GCM-SHA384 "POST /exchange/index.php?do=cache HTTP/1.1" -
14.102.190.50 - - [24/Oct/2024:19:50:23 +0100] "GET / HTTP/1.1" 500 - "https://www.credebtexchange.com/" "Mozilla/5.0 (X11; Linux x86_64) AppleWebKit/537.36 (KHTML, like Gecko) Chrome/130.0.0.0 Safari/537.36"
[24/Oct/2024:19:50:23 +0100] 14.102.190.50 TLSv1.2 ECDHE-RSA-AES256-GCM-SHA384 "GET / HTTP/1.1" -
85.74.245.150 - - [24/Oct/2024:19:50:25 +0100] "GET /exchange/admin/adminindex.php?do=alertreminder HTTP/1.1" 200 1 "https://www.credebtexchange.com/exchange/admin/adminindex.php?do=investor_statement&investor_id=2220" "Mozilla/5.0 (Windows NT 10.0; Win64; x64) AppleWebKit/537.36 (KHTML, like Gecko) Chrome/129.0.0.0 Safari/537.36"
[24/Oct/2024:19:50:25 +0100] 85.74.245.150 TLSv1.2 ECDHE-RSA-AES256-GCM-SHA384 "GET /exchange/admin/adminindex.php?do=alertreminder HTTP/1.1" 1
14.102.190.50 - - [24/Oct/2024:19:50:26 +0100] "GET / HTTP/1.1" 500 - "https://www.credebtexchange.com/" "Mozilla/5.0 (X11; Linux x86_64) AppleWebKit/537.36 (KHTML, like Gecko) Chrome/130.0.0.0 Safari/537.36"
[24/Oct/2024:19:50:26 +0100] 14.102.190.50 TLSv1.2 ECDHE-RSA-AES256-GCM-SHA384 "GET / HTTP/1.1" -
14.102.190.50 - - [24/Oct/2024:19:50:28 +0100] "GET / HTTP/1.1" 500 - "https://www.credebtexchange.com/" "Mozilla/5.0 (X11; Linux x86_64) AppleWebKit/537.36 (KHTML, like Gecko) Chrome/130.0.0.0 Safari/537.36"
[24/Oct/2024:19:50:28 +0100] 14.102.190.50 TLSv1.2 ECDHE-RSA-AES256-GCM-SHA384 "GET / HTTP/1.1" -
14.102.190.50 - - [24/Oct/2024:19:50:28 +0100] "GET / HTTP/1.1" 500 - "https://www.credebtexchange.com/" "Mozilla/5.0 (X11; Linux x86_64) AppleWebKit/537.36 (KHTML, like Gecko) Chrome/130.0.0.0 Safari/537.36"
[24/Oct/2024:19:50:28 +0100] 14.102.190.50 TLSv1.2 ECDHE-RSA-AES256-GCM-SHA384 "GET / HTTP/1.1" -
14.102.190.50 - - [24/Oct/2024:19:50:29 +0100] "GET / HTTP/1.1" 500 - "https://www.credebtexchange.com/" "Mozilla/5.0 (X11; Linux x86_64) AppleWebKit/537.36 (KHTML, like Gecko) Chrome/130.0.0.0 Safari/537.36"
[24/Oct/2024:19:50:29 +0100] 14.102.190.50 TLSv1.2 ECDHE-RSA-AES256-GCM-SHA384 "GET / HTTP/1.1" -
14.102.190.50 - - [24/Oct/2024:19:50:29 +0100] "GET / HTTP/1.1" 500 - "https://www.credebtexchange.com/" "Mozilla/5.0 (X11; Linux x86_64) AppleWebKit/537.36 (KHTML, like Gecko) Chrome/130.0.0.0 Safari/537.36"
[24/Oct/2024:19:50:29 +0100] 14.102.190.50 TLSv1.2 ECDHE-RSA-AES256-GCM-SHA384 "GET / HTTP/1.1" -
14.102.190.50 - - [24/Oct/2024:19:50:31 +0100] "GET / HTTP/1.1" 500 - "https://www.credebtexchange.com/" "Mozilla/5.0 (X11; Linux x86_64) AppleWebKit/537.36 (KHTML, like Gecko) Chrome/130.0.0.0 Safari/537.36"
[24/Oct/2024:19:50:31 +0100] 14.102.190.50 TLSv1.2 ECDHE-RSA-AES256-GCM-SHA384 "GET / HTTP/1.1" -
20.68.254.155 - - [24/Oct/2024:19:50:31 +0100] "GET / HTTP/1.1" 500 - "-" "Blackbox Exporter/0.25.0"
[24/Oct/2024:19:50:31 +0100] 20.68.254.155 TLSv1.2 ECDHE-RSA-AES256-GCM-SHA384 "GET / HTTP/1.1" -
98.24.100.22 - - [24/Oct/2024:19:50:32 +0100] "POST /eui/index.php?do=cache HTTP/1.1" 200 - "https://www.credebtexchange.com/eui/index.php?do=mytrastatements" "Mozilla/5.0 (Windows NT 10.0; Win64; x64) AppleWebKit/537.36 (KHTML, like Gecko) Chrome/109.0.0.0 Safari/537.36"
[24/Oct/2024:19:50:32 +0100] 98.24.100.22 TLSv1.2 ECDHE-RSA-AES256-GCM-SHA384 "POST /eui/index.php?do=cache HTTP/1.1" -
85.74.245.150 - - [24/Oct/2024:19:50:41 +0100] "GET /exchange/admin/adminindex.php?do=alertreminder HTTP/1.1" 200 1 "https://www.credebtexchange.com/exchange/admin/adminindex.php?do=traapplications" "Mozilla/5.0 (Windows NT 10.0; Win64; x64) AppleWebKit/537.36 (KHTML, like Gecko) Chrome/129.0.0.0 Safari/537.36"
[24/Oct/2024:19:50:41 +0100] 85.74.245.150 TLSv1.2 ECDHE-RSA-AES256-GCM-SHA384 "GET /exchange/admin/adminindex.php?do=alertreminder HTTP/1.1" 1
20.68.254.155 - - [24/Oct/2024:19:50:46 +0100] "GET / HTTP/1.1" 500 - "-" "Blackbox Exporter/0.25.0"
[24/Oct/2024:19:50:46 +0100] 20.68.254.155 TLSv1.2 ECDHE-RSA-AES256-GCM-SHA384 "GET / HTTP/1.1" -
14.102.190.50 - - [24/Oct/2024:19:50:47 +0100] "POST /exchange/index.php?do=cache HTTP/1.1" 200 - "https://www.credebtexchange.com/exchange/index.php?do=login" "Mozilla/5.0 (X11; Linux x86_64) AppleWebKit/537.36 (KHTML, like Gecko) Chrome/130.0.0.0 Safari/537.36"
[24/Oct/2024:19:50:47 +0100] 14.102.190.50 TLSv1.2 ECDHE-RSA-AES256-GCM-SHA384 "POST /exchange/index.php?do=cache HTTP/1.1" -
109.76.24.105 - - [24/Oct/2024:19:50:49 +0100] "POST /eui/index.php?do=cache HTTP/1.1" 200 - "https://www.credebtexchange.com/eui/index.php?do=myreports" "Mozilla/5.0 (Windows NT 10.0; Win64; x64) AppleWebKit/537.36 (KHTML, like Gecko) Chrome/130.0.0.0 Safari/537.36"
[24/Oct/2024:19:50:49 +0100] 109.76.24.105 TLSv1.2 ECDHE-RSA-AES256-GCM-SHA384 "POST /eui/index.php?do=cache HTTP/1.1" -
109.76.24.105 - - [24/Oct/2024:19:50:49 +0100] "POST /eui/index.php?do=cache HTTP/1.1" 200 - "https://www.credebtexchange.com/eui/index.php?do=transaction" "Mozilla/5.0 (Windows NT 10.0; Win64; x64) AppleWebKit/537.36 (KHTML, like Gecko) Chrome/130.0.0.0 Safari/537.36"
[24/Oct/2024:19:50:49 +0100] 109.76.24.105 TLSv1.2 ECDHE-RSA-AES256-GCM-SHA384 "POST /eui/index.php?do=cache HTTP/1.1" -
20.68.254.155 - - [24/Oct/2024:19:51:01 +0100] "GET / HTTP/1.1" 500 - "-" "Blackbox Exporter/0.25.0"
[24/Oct/2024:19:51:01 +0100] 20.68.254.155 TLSv1.2 ECDHE-RSA-AES256-GCM-SHA384 "GET / HTTP/1.1" -
20.68.254.155 - - [24/Oct/2024:19:51:16 +0100] "GET / HTTP/1.1" 500 - "-" "Blackbox Exporter/0.25.0"
[24/Oct/2024:19:51:16 +0100] 20.68.254.155 TLSv1.2 ECDHE-RSA-AES256-GCM-SHA384 "GET / HTTP/1.1" -
86.43.79.64 - - [24/Oct/2024:19:51:21 +0100] "POST /exchange/index.php?do=cache HTTP/1.1" 200 - "https://www.credebtexchange.com/exchange/index.php?do=mytrastatements" "Mozilla/5.0 (Windows NT 10.0; Win64; x64) AppleWebKit/537.36 (KHTML, like Gecko) Chrome/130.0.0.0 Safari/537.36"
[24/Oct/2024:19:51:21 +0100] 86.43.79.64 TLSv1.2 ECDHE-RSA-AES256-GCM-SHA384 "POST /exchange/index.php?do=cache HTTP/1.1" -
20.68.254.155 - - [24/Oct/2024:19:51:31 +0100] "GET / HTTP/1.1" 500 - "-" "Blackbox Exporter/0.25.0"
[24/Oct/2024:19:51:31 +0100] 20.68.254.155 TLSv1.2 ECDHE-RSA-AES256-GCM-SHA384 "GET / HTTP/1.1" -
98.24.100.22 - - [24/Oct/2024:19:51:32 +0100] "POST /eui/index.php?do=cache HTTP/1.1" 200 - "https://www.credebtexchange.com/eui/index.php?do=mytrastatements" "Mozilla/5.0 (Windows NT 10.0; Win64; x64) AppleWebKit/537.36 (KHTML, like Gecko) Chrome/109.0.0.0 Safari/537.36"
[24/Oct/2024:19:51:32 +0100] 98.24.100.22 TLSv1.2 ECDHE-RSA-AES256-GCM-SHA384 "POST /eui/index.php?do=cache HTTP/1.1" -
14.102.190.50 - - [24/Oct/2024:19:51:42 +0100] "GET /exchange/ HTTP/1.1" 302 - "-" "Mozilla/5.0 (X11; Linux x86_64) AppleWebKit/537.36 (KHTML, like Gecko) Chrome/130.0.0.0 Safari/537.36"
[24/Oct/2024:19:51:42 +0100] 14.102.190.50 TLSv1.2 ECDHE-RSA-AES256-GCM-SHA384 "GET /exchange/ HTTP/1.1" -
14.102.190.50 - - [24/Oct/2024:19:51:43 +0100] "GET /exchange/index.php?do=application0 HTTP/1.1" 302 - "-" "Mozilla/5.0 (X11; Linux x86_64) AppleWebKit/537.36 (KHTML, like Gecko) Chrome/130.0.0.0 Safari/537.36"
[24/Oct/2024:19:51:43 +0100] 14.102.190.50 TLSv1.2 ECDHE-RSA-AES256-GCM-SHA384 "GET /exchange/index.php?do=application0 HTTP/1.1" -
14.102.190.50 - - [24/Oct/2024:19:51:43 +0100] "GET /exchange/index.php?do=login HTTP/1.1" 200 25027 "-" "Mozilla/5.0 (X11; Linux x86_64) AppleWebKit/537.36 (KHTML, like Gecko) Chrome/130.0.0.0 Safari/537.36"
[24/Oct/2024:19:51:43 +0100] 14.102.190.50 TLSv1.2 ECDHE-RSA-AES256-GCM-SHA384 "GET /exchange/index.php?do=login HTTP/1.1" 25027
14.102.190.50 - - [24/Oct/2024:19:51:44 +0100] "GET /exchange/css/hover.css HTTP/1.1" 404 310 "https://www.credebtexchange.com/exchange/index.php?do=login" "Mozilla/5.0 (X11; Linux x86_64) AppleWebKit/537.36 (KHTML, like Gecko) Chrome/130.0.0.0 Safari/537.36"
[24/Oct/2024:19:51:44 +0100] 14.102.190.50 TLSv1.2 ECDHE-RSA-AES256-GCM-SHA384 "GET /exchange/css/hover.css HTTP/1.1" 310
14.102.190.50 - - [24/Oct/2024:19:51:44 +0100] "GET /exchange/Captcha.php HTTP/1.1" 200 3232 "https://www.credebtexchange.com/exchange/index.php?do=login" "Mozilla/5.0 (X11; Linux x86_64) AppleWebKit/537.36 (KHTML, like Gecko) Chrome/130.0.0.0 Safari/537.36"
[24/Oct/2024:19:51:44 +0100] 14.102.190.50 TLSv1.2 ECDHE-RSA-AES256-GCM-SHA384 "GET /exchange/Captcha.php HTTP/1.1" 3232
208.115.199.27 - - [24/Oct/2024:19:51:44 +0100] "HEAD / HTTP/1.1" 500 - "https://credebtexchange.com" "Mozilla/5.0+(compatible; UptimeRobot/2.0; http://www.uptimerobot.com/)"
[24/Oct/2024:19:51:44 +0100] 208.115.199.27 TLSv1.2 ECDHE-RSA-AES256-GCM-SHA384 "HEAD / HTTP/1.1" -
14.102.190.50 - - [24/Oct/2024:19:51:44 +0100] "GET /exchange/css/woff/opensans-webfont.woff HTTP/1.1" 404 327 "https://www.credebtexchange.com/exchange/css/stylesheet.css" "Mozilla/5.0 (X11; Linux x86_64) AppleWebKit/537.36 (KHTML, like Gecko) Chrome/130.0.0.0 Safari/537.36"
[24/Oct/2024:19:51:44 +0100] 14.102.190.50 TLSv1.2 ECDHE-RSA-AES256-GCM-SHA384 "GET /exchange/css/woff/opensans-webfont.woff HTTP/1.1" 327
20.68.254.155 - - [24/Oct/2024:19:51:46 +0100] "GET / HTTP/1.1" 500 - "-" "Blackbox Exporter/0.25.0"
[24/Oct/2024:19:51:46 +0100] 20.68.254.155 TLSv1.2 ECDHE-RSA-AES256-GCM-SHA384 "GET / HTTP/1.1" -
14.102.190.50 - - [24/Oct/2024:19:51:47 +0100] "POST /exchange/index.php?do=cache HTTP/1.1" 200 - "https://www.credebtexchange.com/exchange/index.php?do=login" "Mozilla/5.0 (X11; Linux x86_64) AppleWebKit/537.36 (KHTML, like Gecko) Chrome/130.0.0.0 Safari/537.36"
[24/Oct/2024:19:51:47 +0100] 14.102.190.50 TLSv1.2 ECDHE-RSA-AES256-GCM-SHA384 "POST /exchange/index.php?do=cache HTTP/1.1" -
109.76.24.105 - - [24/Oct/2024:19:51:49 +0100] "POST /eui/index.php?do=cache HTTP/1.1" 200 - "https://www.credebtexchange.com/eui/index.php?do=myreports" "Mozilla/5.0 (Windows NT 10.0; Win64; x64) AppleWebKit/537.36 (KHTML, like Gecko) Chrome/130.0.0.0 Safari/537.36"
[24/Oct/2024:19:51:49 +0100] 109.76.24.105 TLSv1.2 ECDHE-RSA-AES256-GCM-SHA384 "POST /eui/index.php?do=cache HTTP/1.1" -
109.76.24.105 - - [24/Oct/2024:19:51:49 +0100] "POST /eui/index.php?do=cache HTTP/1.1" 200 - "https://www.credebtexchange.com/eui/index.php?do=transaction" "Mozilla/5.0 (Windows NT 10.0; Win64; x64) AppleWebKit/537.36 (KHTML, like Gecko) Chrome/130.0.0.0 Safari/537.36"
[24/Oct/2024:19:51:49 +0100] 109.76.24.105 TLSv1.2 ECDHE-RSA-AES256-GCM-SHA384 "POST /eui/index.php?do=cache HTTP/1.1" -
14.102.190.50 - - [24/Oct/2024:19:51:54 +0100] "POST /exchange/index.php?do=cache HTTP/1.1" 200 - "https://www.credebtexchange.com/exchange/index.php?do=login" "Mozilla/5.0 (X11; Linux x86_64) AppleWebKit/537.36 (KHTML, like Gecko) Chrome/130.0.0.0 Safari/537.36"
[24/Oct/2024:19:51:54 +0100] 14.102.190.50 TLSv1.2 ECDHE-RSA-AES256-GCM-SHA384 "POST /exchange/index.php?do=cache HTTP/1.1" -
14.102.190.50 - - [24/Oct/2024:19:51:56 +0100] "GET /exchange/admin/ HTTP/1.1" 302 - "-" "Mozilla/5.0 (X11; Linux x86_64) AppleWebKit/537.36 (KHTML, like Gecko) Chrome/130.0.0.0 Safari/537.36"
[24/Oct/2024:19:51:56 +0100] 14.102.190.50 TLSv1.2 ECDHE-RSA-AES256-GCM-SHA384 "GET /exchange/admin/ HTTP/1.1" -
14.102.190.50 - - [24/Oct/2024:19:51:56 +0100] "GET /exchange/admin/adminindex.php?do=index HTTP/1.1" 200 2580 "-" "Mozilla/5.0 (X11; Linux x86_64) AppleWebKit/537.36 (KHTML, like Gecko) Chrome/130.0.0.0 Safari/537.36"
[24/Oct/2024:19:51:56 +0100] 14.102.190.50 TLSv1.2 ECDHE-RSA-AES256-GCM-SHA384 "GET /exchange/admin/adminindex.php?do=index HTTP/1.1" 2580
14.102.190.50 - - [24/Oct/2024:19:51:57 +0100] "GET /exchange/admin/css/stylesheet.css HTTP/1.1" 200 49550 "https://www.credebtexchange.com/exchange/admin/adminindex.php?do=index" "Mozilla/5.0 (X11; Linux x86_64) AppleWebKit/537.36 (KHTML, like Gecko) Chrome/130.0.0.0 Safari/537.36"
[24/Oct/2024:19:51:57 +0100] 14.102.190.50 TLSv1.2 ECDHE-RSA-AES256-GCM-SHA384 "GET /exchange/admin/css/stylesheet.css HTTP/1.1" 49550
14.102.190.50 - - [24/Oct/2024:19:51:57 +0100] "GET /exchange/admin/js/aj_admin_home.js HTTP/1.1" 200 2514 "https://www.credebtexchange.com/exchange/admin/adminindex.php?do=index" "Mozilla/5.0 (X11; Linux x86_64) AppleWebKit/537.36 (KHTML, like Gecko) Chrome/130.0.0.0 Safari/537.36"
[24/Oct/2024:19:51:57 +0100] 14.102.190.50 TLSv1.2 ECDHE-RSA-AES256-GCM-SHA384 "GET /exchange/admin/js/aj_admin_home.js HTTP/1.1" 2514
14.102.190.50 - - [24/Oct/2024:19:51:57 +0100] "GET /exchange/admin/images/lost_pwd.png HTTP/1.1" 200 322 "https://www.credebtexchange.com/exchange/admin/adminindex.php?do=index" "Mozilla/5.0 (X11; Linux x86_64) AppleWebKit/537.36 (KHTML, like Gecko) Chrome/130.0.0.0 Safari/537.36"
[24/Oct/2024:19:51:57 +0100] 14.102.190.50 TLSv1.2 ECDHE-RSA-AES256-GCM-SHA384 "GET /exchange/admin/images/lost_pwd.png HTTP/1.1" 322
14.102.190.50 - - [24/Oct/2024:19:51:57 +0100] "GET /exchange/admin/js/pngfix.js HTTP/1.1" 200 2485 "https://www.credebtexchange.com/exchange/admin/adminindex.php?do=index" "Mozilla/5.0 (X11; Linux x86_64) AppleWebKit/537.36 (KHTML, like Gecko) Chrome/130.0.0.0 Safari/537.36"
[24/Oct/2024:19:51:57 +0100] 14.102.190.50 TLSv1.2 ECDHE-RSA-AES256-GCM-SHA384 "GET /exchange/admin/js/pngfix.js HTTP/1.1" 2485
14.102.190.50 - - [24/Oct/2024:19:51:57 +0100] "GET /exchange/admin/js/tooltip.js HTTP/1.1" 200 1084 "https://www.credebtexchange.com/exchange/admin/adminindex.php?do=index" "Mozilla/5.0 (X11; Linux x86_64) AppleWebKit/537.36 (KHTML, like Gecko) Chrome/130.0.0.0 Safari/537.36"
[24/Oct/2024:19:51:57 +0100] 14.102.190.50 TLSv1.2 ECDHE-RSA-AES256-GCM-SHA384 "GET /exchange/admin/js/tooltip.js HTTP/1.1" 1084
14.102.190.50 - - [24/Oct/2024:19:51:57 +0100] "GET /exchange/admin/js/row_color.js HTTP/1.1" 200 65 "https://www.credebtexchange.com/exchange/admin/adminindex.php?do=index" "Mozilla/5.0 (X11; Linux x86_64) AppleWebKit/537.36 (KHTML, like Gecko) Chrome/130.0.0.0 Safari/537.36"
[24/Oct/2024:19:51:57 +0100] 14.102.190.50 TLSv1.2 ECDHE-RSA-AES256-GCM-SHA384 "GET /exchange/admin/js/row_color.js HTTP/1.1" 65
14.102.190.50 - - [24/Oct/2024:19:51:57 +0100] "GET /exchange/admin/js/jquery-1.4.2.min.js HTTP/1.1" 200 92555 "https://www.credebtexchange.com/exchange/admin/adminindex.php?do=index" "Mozilla/5.0 (X11; Linux x86_64) AppleWebKit/537.36 (KHTML, like Gecko) Chrome/130.0.0.0 Safari/537.36"
[24/Oct/2024:19:51:57 +0100] 14.102.190.50 TLSv1.2 ECDHE-RSA-AES256-GCM-SHA384 "GET /exchange/admin/js/jquery-1.4.2.min.js HTTP/1.1" 92555
14.102.190.50 - - [24/Oct/2024:19:51:58 +0100] "GET /exchange/admin/images/admin_bg.gif HTTP/1.1" 200 312 "https://www.credebtexchange.com/exchange/admin/css/stylesheet.css" "Mozilla/5.0 (X11; Linux x86_64) AppleWebKit/537.36 (KHTML, like Gecko) Chrome/130.0.0.0 Safari/537.36"
[24/Oct/2024:19:51:58 +0100] 14.102.190.50 TLSv1.2 ECDHE-RSA-AES256-GCM-SHA384 "GET /exchange/admin/images/admin_bg.gif HTTP/1.1" 312
14.102.190.50 - - [24/Oct/2024:19:51:58 +0100] "GET /exchange/admin/images/login_txtbx.png HTTP/1.1" 200 754 "https://www.credebtexchange.com/exchange/admin/css/stylesheet.css" "Mozilla/5.0 (X11; Linux x86_64) AppleWebKit/537.36 (KHTML, like Gecko) Chrome/130.0.0.0 Safari/537.36"
[24/Oct/2024:19:51:58 +0100] 14.102.190.50 TLSv1.2 ECDHE-RSA-AES256-GCM-SHA384 "GET /exchange/admin/images/login_txtbx.png HTTP/1.1" 754
14.102.190.50 - - [24/Oct/2024:19:51:58 +0100] "GET /exchange/admin/images/login_btn.png HTTP/1.1" 200 1121 "https://www.credebtexchange.com/exchange/admin/css/stylesheet.css" "Mozilla/5.0 (X11; Linux x86_64) AppleWebKit/537.36 (KHTML, like Gecko) Chrome/130.0.0.0 Safari/537.36"
[24/Oct/2024:19:51:58 +0100] 14.102.190.50 TLSv1.2 ECDHE-RSA-AES256-GCM-SHA384 "GET /exchange/admin/images/login_btn.png HTTP/1.1" 1121
14.102.190.50 - - [24/Oct/2024:19:51:58 +0100] "GET /exchange/admin/images/login_panel.png HTTP/1.1" 200 38445 "https://www.credebtexchange.com/exchange/admin/css/stylesheet.css" "Mozilla/5.0 (X11; Linux x86_64) AppleWebKit/537.36 (KHTML, like Gecko) Chrome/130.0.0.0 Safari/537.36"
[24/Oct/2024:19:51:58 +0100] 14.102.190.50 TLSv1.2 ECDHE-RSA-AES256-GCM-SHA384 "GET /exchange/admin/images/login_panel.png HTTP/1.1" 38445
20.68.254.155 - - [24/Oct/2024:19:52:01 +0100] "GET / HTTP/1.1" 500 - "-" "Blackbox Exporter/0.25.0"
[24/Oct/2024:19:52:01 +0100] 20.68.254.155 TLSv1.2 ECDHE-RSA-AES256-GCM-SHA384 "GET / HTTP/1.1" -
14.102.190.50 - - [24/Oct/2024:19:52:02 +0100] "GET / HTTP/1.1" 500 - "-" "Mozilla/5.0 (X11; Linux x86_64) AppleWebKit/537.36 (KHTML, like Gecko) Chrome/130.0.0.0 Safari/537.36"
[24/Oct/2024:19:52:02 +0100] 14.102.190.50 TLSv1.2 ECDHE-RSA-AES256-GCM-SHA384 "GET / HTTP/1.1" -
208.115.199.27 - - [24/Oct/2024:19:52:05 +0100] "GET / HTTP/1.1" 500 - "https://credebtexchange.com" "Mozilla/5.0+(compatible; UptimeRobot/2.0; http://www.uptimerobot.com/)"
[24/Oct/2024:19:52:05 +0100] 208.115.199.27 TLSv1.2 ECDHE-RSA-AES256-GCM-SHA384 "GET / HTTP/1.1" -
85.74.245.150 - - [24/Oct/2024:19:52:05 +0100] "GET /exchange/admin/adminindex.php?do=alertreminder HTTP/1.1" 200 1 "https://www.credebtexchange.com/exchange/admin/adminindex.php?do=investor_statement&investor_id=2220" "Mozilla/5.0 (Windows NT 10.0; Win64; x64) AppleWebKit/537.36 (KHTML, like Gecko) Chrome/129.0.0.0 Safari/537.36"
[24/Oct/2024:19:52:05 +0100] 85.74.245.150 TLSv1.2 ECDHE-RSA-AES256-GCM-SHA384 "GET /exchange/admin/adminindex.php?do=alertreminder HTTP/1.1" 1
20.68.254.155 - - [24/Oct/2024:19:52:16 +0100] "GET / HTTP/1.1" 500 - "-" "Blackbox Exporter/0.25.0"
[24/Oct/2024:19:52:16 +0100] 20.68.254.155 TLSv1.2 ECDHE-RSA-AES256-GCM-SHA384 "GET / HTTP/1.1" -
86.43.79.64 - - [24/Oct/2024:19:52:21 +0100] "POST /exchange/index.php?do=cache HTTP/1.1" 200 - "https://www.credebtexchange.com/exchange/index.php?do=mytrastatements" "Mozilla/5.0 (Windows NT 10.0; Win64; x64) AppleWebKit/537.36 (KHTML, like Gecko) Chrome/130.0.0.0 Safari/537.36"
[24/Oct/2024:19:52:21 +0100] 86.43.79.64 TLSv1.2 ECDHE-RSA-AES256-GCM-SHA384 "POST /exchange/index.php?do=cache HTTP/1.1" -
85.74.245.150 - - [24/Oct/2024:19:52:21 +0100] "GET /exchange/admin/adminindex.php?do=alertreminder HTTP/1.1" 200 1 "https://www.credebtexchange.com/exchange/admin/adminindex.php?do=traapplications" "Mozilla/5.0 (Windows NT 10.0; Win64; x64) AppleWebKit/537.36 (KHTML, like Gecko) Chrome/129.0.0.0 Safari/537.36"
[24/Oct/2024:19:52:21 +0100] 85.74.245.150 TLSv1.2 ECDHE-RSA-AES256-GCM-SHA384 "GET /exchange/admin/adminindex.php?do=alertreminder HTTP/1.1" 1
20.68.254.155 - - [24/Oct/2024:19:52:31 +0100] "GET / HTTP/1.1" 500 - "-" "Blackbox Exporter/0.25.0"
[24/Oct/2024:19:52:31 +0100] 20.68.254.155 TLSv1.2 ECDHE-RSA-AES256-GCM-SHA384 "GET / HTTP/1.1" -
98.24.100.22 - - [24/Oct/2024:19:52:31 +0100] "POST /eui/index.php?do=cache HTTP/1.1" 200 - "https://www.credebtexchange.com/eui/index.php?do=mytrastatements" "Mozilla/5.0 (Windows NT 10.0; Win64; x64) AppleWebKit/537.36 (KHTML, like Gecko) Chrome/109.0.0.0 Safari/537.36"
[24/Oct/2024:19:52:31 +0100] 98.24.100.22 TLSv1.2 ECDHE-RSA-AES256-GCM-SHA384 "POST /eui/index.php?do=cache HTTP/1.1" -
20.68.254.155 - - [24/Oct/2024:19:52:46 +0100] "GET / HTTP/1.1" 500 - "-" "Blackbox Exporter/0.25.0"
[24/Oct/2024:19:52:46 +0100] 20.68.254.155 TLSv1.2 ECDHE-RSA-AES256-GCM-SHA384 "GET / HTTP/1.1" -
109.76.24.105 - - [24/Oct/2024:19:52:49 +0100] "POST /eui/index.php?do=cache HTTP/1.1" 200 - "https://www.credebtexchange.com/eui/index.php?do=transaction" "Mozilla/5.0 (Windows NT 10.0; Win64; x64) AppleWebKit/537.36 (KHTML, like Gecko) Chrome/130.0.0.0 Safari/537.36"
[24/Oct/2024:19:52:49 +0100] 109.76.24.105 TLSv1.2 ECDHE-RSA-AES256-GCM-SHA384 "POST /eui/index.php?do=cache HTTP/1.1" -
109.76.24.105 - - [24/Oct/2024:19:52:49 +0100] "POST /eui/index.php?do=cache HTTP/1.1" 200 - "https://www.credebtexchange.com/eui/index.php?do=myreports" "Mozilla/5.0 (Windows NT 10.0; Win64; x64) AppleWebKit/537.36 (KHTML, like Gecko) Chrome/130.0.0.0 Safari/537.36"
[24/Oct/2024:19:52:49 +0100] 109.76.24.105 TLSv1.2 ECDHE-RSA-AES256-GCM-SHA384 "POST /eui/index.php?do=cache HTTP/1.1" -
14.102.190.50 - - [24/Oct/2024:19:52:50 +0100] "POST /exchange/index.php?do=cache HTTP/1.1" 200 - "https://www.credebtexchange.com/exchange/index.php?do=login" "Mozilla/5.0 (X11; Linux x86_64) AppleWebKit/537.36 (KHTML, like Gecko) Chrome/130.0.0.0 Safari/537.36"
[24/Oct/2024:19:52:50 +0100] 14.102.190.50 TLSv1.2 ECDHE-RSA-AES256-GCM-SHA384 "POST /exchange/index.php?do=cache HTTP/1.1" -
20.68.254.155 - - [24/Oct/2024:19:53:01 +0100] "GET / HTTP/1.1" 500 - "-" "Blackbox Exporter/0.25.0"
[24/Oct/2024:19:53:01 +0100] 20.68.254.155 TLSv1.2 ECDHE-RSA-AES256-GCM-SHA384 "GET / HTTP/1.1" -
20.68.254.155 - - [24/Oct/2024:19:53:16 +0100] "GET / HTTP/1.1" 500 - "-" "Blackbox Exporter/0.25.0"
[24/Oct/2024:19:53:16 +0100] 20.68.254.155 TLSv1.2 ECDHE-RSA-AES256-GCM-SHA384 "GET / HTTP/1.1" -
86.43.79.64 - - [24/Oct/2024:19:53:21 +0100] "POST /exchange/index.php?do=cache HTTP/1.1" 200 - "https://www.credebtexchange.com/exchange/index.php?do=mytrastatements" "Mozilla/5.0 (Windows NT 10.0; Win64; x64) AppleWebKit/537.36 (KHTML, like Gecko) Chrome/130.0.0.0 Safari/537.36"
[24/Oct/2024:19:53:21 +0100] 86.43.79.64 TLSv1.2 ECDHE-RSA-AES256-GCM-SHA384 "POST /exchange/index.php?do=cache HTTP/1.1" -
20.68.254.155 - - [24/Oct/2024:19:53:31 +0100] "GET / HTTP/1.1" 500 - "-" "Blackbox Exporter/0.25.0"
[24/Oct/2024:19:53:31 +0100] 20.68.254.155 TLSv1.2 ECDHE-RSA-AES256-GCM-SHA384 "GET / HTTP/1.1" -
98.24.100.22 - - [24/Oct/2024:19:53:32 +0100] "POST /eui/index.php?do=cache HTTP/1.1" 200 - "https://www.credebtexchange.com/eui/index.php?do=mytrastatements" "Mozilla/5.0 (Windows NT 10.0; Win64; x64) AppleWebKit/537.36 (KHTML, like Gecko) Chrome/109.0.0.0 Safari/537.36"
[24/Oct/2024:19:53:32 +0100] 98.24.100.22 TLSv1.2 ECDHE-RSA-AES256-GCM-SHA384 "POST /eui/index.php?do=cache HTTP/1.1" -
85.74.245.150 - - [24/Oct/2024:19:53:45 +0100] "GET /exchange/admin/adminindex.php?do=alertreminder HTTP/1.1" 200 1 "https://www.credebtexchange.com/exchange/admin/adminindex.php?do=investor_statement&investor_id=2220" "Mozilla/5.0 (Windows NT 10.0; Win64; x64) AppleWebKit/537.36 (KHTML, like Gecko) Chrome/129.0.0.0 Safari/537.36"
[24/Oct/2024:19:53:45 +0100] 85.74.245.150 TLSv1.2 ECDHE-RSA-AES256-GCM-SHA384 "GET /exchange/admin/adminindex.php?do=alertreminder HTTP/1.1" 1
20.68.254.155 - - [24/Oct/2024:19:53:46 +0100] "GET / HTTP/1.1" 500 - "-" "Blackbox Exporter/0.25.0"
[24/Oct/2024:19:53:46 +0100] 20.68.254.155 TLSv1.2 ECDHE-RSA-AES256-GCM-SHA384 "GET / HTTP/1.1" -
14.102.190.50 - - [24/Oct/2024:19:53:47 +0100] "POST /exchange/index.php?do=cache HTTP/1.1" 200 - "https://www.credebtexchange.com/exchange/index.php?do=login" "Mozilla/5.0 (X11; Linux x86_64) AppleWebKit/537.36 (KHTML, like Gecko) Chrome/130.0.0.0 Safari/537.36"
[24/Oct/2024:19:53:47 +0100] 14.102.190.50 TLSv1.2 ECDHE-RSA-AES256-GCM-SHA384 "POST /exchange/index.php?do=cache HTTP/1.1" -
109.76.24.105 - - [24/Oct/2024:19:53:49 +0100] "POST /eui/index.php?do=cache HTTP/1.1" 200 - "https://www.credebtexchange.com/eui/index.php?do=transaction" "Mozilla/5.0 (Windows NT 10.0; Win64; x64) AppleWebKit/537.36 (KHTML, like Gecko) Chrome/130.0.0.0 Safari/537.36"
[24/Oct/2024:19:53:49 +0100] 109.76.24.105 TLSv1.2 ECDHE-RSA-AES256-GCM-SHA384 "POST /eui/index.php?do=cache HTTP/1.1" -
109.76.24.105 - - [24/Oct/2024:19:53:49 +0100] "POST /eui/index.php?do=cache HTTP/1.1" 200 - "https://www.credebtexchange.com/eui/index.php?do=myreports" "Mozilla/5.0 (Windows NT 10.0; Win64; x64) AppleWebKit/537.36 (KHTML, like Gecko) Chrome/130.0.0.0 Safari/537.36"
[24/Oct/2024:19:53:49 +0100] 109.76.24.105 TLSv1.2 ECDHE-RSA-AES256-GCM-SHA384 "POST /eui/index.php?do=cache HTTP/1.1" -
20.68.254.155 - - [24/Oct/2024:19:54:01 +0100] "GET / HTTP/1.1" 500 - "-" "Blackbox Exporter/0.25.0"
[24/Oct/2024:19:54:01 +0100] 20.68.254.155 TLSv1.2 ECDHE-RSA-AES256-GCM-SHA384 "GET / HTTP/1.1" -
85.74.245.150 - - [24/Oct/2024:19:54:01 +0100] "GET /exchange/admin/adminindex.php?do=alertreminder HTTP/1.1" 200 1 "https://www.credebtexchange.com/exchange/admin/adminindex.php?do=traapplications" "Mozilla/5.0 (Windows NT 10.0; Win64; x64) AppleWebKit/537.36 (KHTML, like Gecko) Chrome/129.0.0.0 Safari/537.36"
[24/Oct/2024:19:54:01 +0100] 85.74.245.150 TLSv1.2 ECDHE-RSA-AES256-GCM-SHA384 "GET /exchange/admin/adminindex.php?do=alertreminder HTTP/1.1" 1
85.74.245.150 - - [24/Oct/2024:19:54:01 +0100] "POST /exchange/admin/adminindex.php?do=admincache HTTP/1.1" 200 - "https://www.credebtexchange.com/exchange/admin/adminindex.php?do=traapplications" "Mozilla/5.0 (Windows NT 10.0; Win64; x64) AppleWebKit/537.36 (KHTML, like Gecko) Chrome/129.0.0.0 Safari/537.36"
[24/Oct/2024:19:54:01 +0100] 85.74.245.150 TLSv1.2 ECDHE-RSA-AES256-GCM-SHA384 "POST /exchange/admin/adminindex.php?do=admincache HTTP/1.1" -
14.102.190.50 - - [24/Oct/2024:19:54:05 +0100] "GET / HTTP/1.1" 500 - "-" "Mozilla/5.0 (X11; Linux x86_64) AppleWebKit/537.36 (KHTML, like Gecko) Chrome/130.0.0.0 Safari/537.36"
[24/Oct/2024:19:54:05 +0100] 14.102.190.50 TLSv1.2 ECDHE-RSA-AES256-GCM-SHA384 "GET / HTTP/1.1" -
20.68.254.155 - - [24/Oct/2024:19:54:16 +0100] "GET / HTTP/1.1" 500 - "-" "Blackbox Exporter/0.25.0"
[24/Oct/2024:19:54:16 +0100] 20.68.254.155 TLSv1.2 ECDHE-RSA-AES256-GCM-SHA384 "GET / HTTP/1.1" -
86.43.79.64 - - [24/Oct/2024:19:54:21 +0100] "POST /exchange/index.php?do=cache HTTP/1.1" 200 - "https://www.credebtexchange.com/exchange/index.php?do=mytrastatements" "Mozilla/5.0 (Windows NT 10.0; Win64; x64) AppleWebKit/537.36 (KHTML, like Gecko) Chrome/130.0.0.0 Safari/537.36"
[24/Oct/2024:19:54:21 +0100] 86.43.79.64 TLSv1.2 ECDHE-RSA-AES256-GCM-SHA384 "POST /exchange/index.php?do=cache HTTP/1.1" -
20.68.254.155 - - [24/Oct/2024:19:54:31 +0100] "GET / HTTP/1.1" 500 - "-" "Blackbox Exporter/0.25.0"
[24/Oct/2024:19:54:31 +0100] 20.68.254.155 TLSv1.2 ECDHE-RSA-AES256-GCM-SHA384 "GET / HTTP/1.1" -
98.24.100.22 - - [24/Oct/2024:19:54:31 +0100] "POST /eui/index.php?do=cache HTTP/1.1" 200 - "https://www.credebtexchange.com/eui/index.php?do=mytrastatements" "Mozilla/5.0 (Windows NT 10.0; Win64; x64) AppleWebKit/537.36 (KHTML, like Gecko) Chrome/109.0.0.0 Safari/537.36"
[24/Oct/2024:19:54:31 +0100] 98.24.100.22 TLSv1.2 ECDHE-RSA-AES256-GCM-SHA384 "POST /eui/index.php?do=cache HTTP/1.1" -
20.68.254.155 - - [24/Oct/2024:19:54:46 +0100] "GET / HTTP/1.1" 500 - "-" "Blackbox Exporter/0.25.0"
[24/Oct/2024:19:54:46 +0100] 20.68.254.155 TLSv1.2 ECDHE-RSA-AES256-GCM-SHA384 "GET / HTTP/1.1" -
14.102.190.50 - - [24/Oct/2024:19:54:47 +0100] "POST /exchange/index.php?do=cache HTTP/1.1" 200 - "https://www.credebtexchange.com/exchange/index.php?do=login" "Mozilla/5.0 (X11; Linux x86_64) AppleWebKit/537.36 (KHTML, like Gecko) Chrome/130.0.0.0 Safari/537.36"
[24/Oct/2024:19:54:47 +0100] 14.102.190.50 TLSv1.2 ECDHE-RSA-AES256-GCM-SHA384 "POST /exchange/index.php?do=cache HTTP/1.1" -
109.76.24.105 - - [24/Oct/2024:19:54:49 +0100] "POST /eui/index.php?do=cache HTTP/1.1" 200 - "https://www.credebtexchange.com/eui/index.php?do=transaction" "Mozilla/5.0 (Windows NT 10.0; Win64; x64) AppleWebKit/537.36 (KHTML, like Gecko) Chrome/130.0.0.0 Safari/537.36"
[24/Oct/2024:19:54:49 +0100] 109.76.24.105 TLSv1.2 ECDHE-RSA-AES256-GCM-SHA384 "POST /eui/index.php?do=cache HTTP/1.1" -
109.76.24.105 - - [24/Oct/2024:19:54:49 +0100] "POST /eui/index.php?do=cache HTTP/1.1" 200 - "https://www.credebtexchange.com/eui/index.php?do=myreports" "Mozilla/5.0 (Windows NT 10.0; Win64; x64) AppleWebKit/537.36 (KHTML, like Gecko) Chrome/130.0.0.0 Safari/537.36"
[24/Oct/2024:19:54:49 +0100] 109.76.24.105 TLSv1.2 ECDHE-RSA-AES256-GCM-SHA384 "POST /eui/index.php?do=cache HTTP/1.1" -
20.68.254.155 - - [24/Oct/2024:19:55:01 +0100] "GET / HTTP/1.1" 500 - "-" "Blackbox Exporter/0.25.0"
[24/Oct/2024:19:55:01 +0100] 20.68.254.155 TLSv1.2 ECDHE-RSA-AES256-GCM-SHA384 "GET / HTTP/1.1" -
20.68.254.155 - - [24/Oct/2024:19:55:16 +0100] "GET / HTTP/1.1" 500 - "-" "Blackbox Exporter/0.25.0"
[24/Oct/2024:19:55:16 +0100] 20.68.254.155 TLSv1.2 ECDHE-RSA-AES256-GCM-SHA384 "GET / HTTP/1.1" -
86.43.79.64 - - [24/Oct/2024:19:55:21 +0100] "POST /exchange/index.php?do=cache HTTP/1.1" 200 - "https://www.credebtexchange.com/exchange/index.php?do=mytrastatements" "Mozilla/5.0 (Windows NT 10.0; Win64; x64) AppleWebKit/537.36 (KHTML, like Gecko) Chrome/130.0.0.0 Safari/537.36"
[24/Oct/2024:19:55:21 +0100] 86.43.79.64 TLSv1.2 ECDHE-RSA-AES256-GCM-SHA384 "POST /exchange/index.php?do=cache HTTP/1.1" -
85.74.245.150 - - [24/Oct/2024:19:55:25 +0100] "GET /exchange/admin/adminindex.php?do=alertreminder HTTP/1.1" 200 1 "https://www.credebtexchange.com/exchange/admin/adminindex.php?do=investor_statement&investor_id=2220" "Mozilla/5.0 (Windows NT 10.0; Win64; x64) AppleWebKit/537.36 (KHTML, like Gecko) Chrome/129.0.0.0 Safari/537.36"
[24/Oct/2024:19:55:25 +0100] 85.74.245.150 TLSv1.2 ECDHE-RSA-AES256-GCM-SHA384 "GET /exchange/admin/adminindex.php?do=alertreminder HTTP/1.1" 1
85.74.245.150 - - [24/Oct/2024:19:55:25 +0100] "POST /exchange/admin/adminindex.php?do=admincache HTTP/1.1" 200 - "https://www.credebtexchange.com/exchange/admin/adminindex.php?do=investor_statement&investor_id=2220" "Mozilla/5.0 (Windows NT 10.0; Win64; x64) AppleWebKit/537.36 (KHTML, like Gecko) Chrome/129.0.0.0 Safari/537.36"
[24/Oct/2024:19:55:25 +0100] 85.74.245.150 TLSv1.2 ECDHE-RSA-AES256-GCM-SHA384 "POST /exchange/admin/adminindex.php?do=admincache HTTP/1.1" -
20.68.254.155 - - [24/Oct/2024:19:55:31 +0100] "GET / HTTP/1.1" 500 - "-" "Blackbox Exporter/0.25.0"
[24/Oct/2024:19:55:31 +0100] 20.68.254.155 TLSv1.2 ECDHE-RSA-AES256-GCM-SHA384 "GET / HTTP/1.1" -
98.24.100.22 - - [24/Oct/2024:19:55:32 +0100] "POST /eui/index.php?do=cache HTTP/1.1" 200 - "https://www.credebtexchange.com/eui/index.php?do=mytrastatements" "Mozilla/5.0 (Windows NT 10.0; Win64; x64) AppleWebKit/537.36 (KHTML, like Gecko) Chrome/109.0.0.0 Safari/537.36"
[24/Oct/2024:19:55:32 +0100] 98.24.100.22 TLSv1.2 ECDHE-RSA-AES256-GCM-SHA384 "POST /eui/index.php?do=cache HTTP/1.1" -
85.74.245.150 - - [24/Oct/2024:19:55:41 +0100] "GET /exchange/admin/adminindex.php?do=alertreminder HTTP/1.1" 200 1 "https://www.credebtexchange.com/exchange/admin/adminindex.php?do=traapplications" "Mozilla/5.0 (Windows NT 10.0; Win64; x64) AppleWebKit/537.36 (KHTML, like Gecko) Chrome/129.0.0.0 Safari/537.36"
[24/Oct/2024:19:55:41 +0100] 85.74.245.150 TLSv1.2 ECDHE-RSA-AES256-GCM-SHA384 "GET /exchange/admin/adminindex.php?do=alertreminder HTTP/1.1" 1
20.68.254.155 - - [24/Oct/2024:19:55:46 +0100] "GET / HTTP/1.1" 500 - "-" "Blackbox Exporter/0.25.0"
[24/Oct/2024:19:55:46 +0100] 20.68.254.155 TLSv1.2 ECDHE-RSA-AES256-GCM-SHA384 "GET / HTTP/1.1" -
14.102.190.50 - - [24/Oct/2024:19:55:47 +0100] "POST /exchange/index.php?do=cache HTTP/1.1" 200 - "https://www.credebtexchange.com/exchange/index.php?do=login" "Mozilla/5.0 (X11; Linux x86_64) AppleWebKit/537.36 (KHTML, like Gecko) Chrome/130.0.0.0 Safari/537.36"
[24/Oct/2024:19:55:47 +0100] 14.102.190.50 TLSv1.2 ECDHE-RSA-AES256-GCM-SHA384 "POST /exchange/index.php?do=cache HTTP/1.1" -
109.76.24.105 - - [24/Oct/2024:19:55:49 +0100] "POST /eui/index.php?do=cache HTTP/1.1" 200 - "https://www.credebtexchange.com/eui/index.php?do=transaction" "Mozilla/5.0 (Windows NT 10.0; Win64; x64) AppleWebKit/537.36 (KHTML, like Gecko) Chrome/130.0.0.0 Safari/537.36"
[24/Oct/2024:19:55:49 +0100] 109.76.24.105 TLSv1.2 ECDHE-RSA-AES256-GCM-SHA384 "POST /eui/index.php?do=cache HTTP/1.1" -
109.76.24.105 - - [24/Oct/2024:19:55:49 +0100] "POST /eui/index.php?do=cache HTTP/1.1" 200 - "https://www.credebtexchange.com/eui/index.php?do=myreports" "Mozilla/5.0 (Windows NT 10.0; Win64; x64) AppleWebKit/537.36 (KHTML, like Gecko) Chrome/130.0.0.0 Safari/537.36"
[24/Oct/2024:19:55:49 +0100] 109.76.24.105 TLSv1.2 ECDHE-RSA-AES256-GCM-SHA384 "POST /eui/index.php?do=cache HTTP/1.1" -
20.68.254.155 - - [24/Oct/2024:19:56:01 +0100] "GET / HTTP/1.1" 500 - "-" "Blackbox Exporter/0.25.0"
[24/Oct/2024:19:56:01 +0100] 20.68.254.155 TLSv1.2 ECDHE-RSA-AES256-GCM-SHA384 "GET / HTTP/1.1" -
20.68.254.155 - - [24/Oct/2024:19:56:16 +0100] "GET / HTTP/1.1" 500 - "-" "Blackbox Exporter/0.25.0"
[24/Oct/2024:19:56:16 +0100] 20.68.254.155 TLSv1.2 ECDHE-RSA-AES256-GCM-SHA384 "GET / HTTP/1.1" -
86.43.79.64 - - [24/Oct/2024:19:56:21 +0100] "POST /exchange/index.php?do=cache HTTP/1.1" 200 - "https://www.credebtexchange.com/exchange/index.php?do=mytrastatements" "Mozilla/5.0 (Windows NT 10.0; Win64; x64) AppleWebKit/537.36 (KHTML, like Gecko) Chrome/130.0.0.0 Safari/537.36"
[24/Oct/2024:19:56:21 +0100] 86.43.79.64 TLSv1.2 ECDHE-RSA-AES256-GCM-SHA384 "POST /exchange/index.php?do=cache HTTP/1.1" -
20.68.254.155 - - [24/Oct/2024:19:56:31 +0100] "GET / HTTP/1.1" 500 - "-" "Blackbox Exporter/0.25.0"
[24/Oct/2024:19:56:31 +0100] 20.68.254.155 TLSv1.2 ECDHE-RSA-AES256-GCM-SHA384 "GET / HTTP/1.1" -
98.24.100.22 - - [24/Oct/2024:19:56:32 +0100] "POST /eui/index.php?do=cache HTTP/1.1" 200 - "https://www.credebtexchange.com/eui/index.php?do=mytrastatements" "Mozilla/5.0 (Windows NT 10.0; Win64; x64) AppleWebKit/537.36 (KHTML, like Gecko) Chrome/109.0.0.0 Safari/537.36"
[24/Oct/2024:19:56:32 +0100] 98.24.100.22 TLSv1.2 ECDHE-RSA-AES256-GCM-SHA384 "POST /eui/index.php?do=cache HTTP/1.1" -
173.214.177.87 - - [24/Oct/2024:19:56:37 +0100] "GET / HTTP/1.1" 500 - "http://credebtexchange.com" "Mozilla/5.0 (Macintosh; Intel Mac OS X 10_15_7) AppleWebKit/537.36 (KHTML, like Gecko) Chrome/107.0.0.0 Safari/537.36"
[24/Oct/2024:19:56:37 +0100] 173.214.177.87 TLSv1.2 ECDHE-RSA-AES256-GCM-SHA384 "GET / HTTP/1.1" -
14.102.190.50 - - [24/Oct/2024:19:56:40 +0100] "GET / HTTP/1.1" 500 - "-" "Mozilla/5.0 (X11; Linux x86_64) AppleWebKit/537.36 (KHTML, like Gecko) Chrome/130.0.0.0 Safari/537.36"
[24/Oct/2024:19:56:40 +0100] 14.102.190.50 TLSv1.2 ECDHE-RSA-AES256-GCM-SHA384 "GET / HTTP/1.1" -
14.102.190.50 - - [24/Oct/2024:19:56:42 +0100] "GET / HTTP/1.1" 500 - "-" "Mozilla/5.0 (X11; Linux x86_64) AppleWebKit/537.36 (KHTML, like Gecko) Chrome/130.0.0.0 Safari/537.36"
[24/Oct/2024:19:56:42 +0100] 14.102.190.50 TLSv1.2 ECDHE-RSA-AES256-GCM-SHA384 "GET / HTTP/1.1" -
14.102.190.50 - - [24/Oct/2024:19:56:43 +0100] "GET / HTTP/1.1" 500 - "-" "Mozilla/5.0 (X11; Linux x86_64) AppleWebKit/537.36 (KHTML, like Gecko) Chrome/130.0.0.0 Safari/537.36"
[24/Oct/2024:19:56:43 +0100] 14.102.190.50 TLSv1.2 ECDHE-RSA-AES256-GCM-SHA384 "GET / HTTP/1.1" -
20.68.254.155 - - [24/Oct/2024:19:56:46 +0100] "GET / HTTP/1.1" 500 - "-" "Blackbox Exporter/0.25.0"
[24/Oct/2024:19:56:46 +0100] 20.68.254.155 TLSv1.2 ECDHE-RSA-AES256-GCM-SHA384 "GET / HTTP/1.1" -
14.102.190.50 - - [24/Oct/2024:19:56:47 +0100] "POST /exchange/index.php?do=cache HTTP/1.1" 200 - "https://www.credebtexchange.com/exchange/index.php?do=login" "Mozilla/5.0 (X11; Linux x86_64) AppleWebKit/537.36 (KHTML, like Gecko) Chrome/130.0.0.0 Safari/537.36"
[24/Oct/2024:19:56:47 +0100] 14.102.190.50 TLSv1.2 ECDHE-RSA-AES256-GCM-SHA384 "POST /exchange/index.php?do=cache HTTP/1.1" -
14.102.190.50 - - [24/Oct/2024:19:56:48 +0100] "GET /wp-admin HTTP/1.1" 301 339 "-" "Mozilla/5.0 (X11; Linux x86_64) AppleWebKit/537.36 (KHTML, like Gecko) Chrome/130.0.0.0 Safari/537.36"
[24/Oct/2024:19:56:48 +0100] 14.102.190.50 TLSv1.2 ECDHE-RSA-AES256-GCM-SHA384 "GET /wp-admin HTTP/1.1" 339
109.76.24.105 - - [24/Oct/2024:19:56:49 +0100] "POST /eui/index.php?do=cache HTTP/1.1" 200 - "https://www.credebtexchange.com/eui/index.php?do=myreports" "Mozilla/5.0 (Windows NT 10.0; Win64; x64) AppleWebKit/537.36 (KHTML, like Gecko) Chrome/130.0.0.0 Safari/537.36"
[24/Oct/2024:19:56:49 +0100] 109.76.24.105 TLSv1.2 ECDHE-RSA-AES256-GCM-SHA384 "POST /eui/index.php?do=cache HTTP/1.1" -
109.76.24.105 - - [24/Oct/2024:19:56:49 +0100] "POST /eui/index.php?do=cache HTTP/1.1" 200 - "https://www.credebtexchange.com/eui/index.php?do=transaction" "Mozilla/5.0 (Windows NT 10.0; Win64; x64) AppleWebKit/537.36 (KHTML, like Gecko) Chrome/130.0.0.0 Safari/537.36"
[24/Oct/2024:19:56:49 +0100] 109.76.24.105 TLSv1.2 ECDHE-RSA-AES256-GCM-SHA384 "POST /eui/index.php?do=cache HTTP/1.1" -
14.102.190.50 - - [24/Oct/2024:19:56:49 +0100] "GET /wp-admin/ HTTP/1.1" 500 - "-" "Mozilla/5.0 (X11; Linux x86_64) AppleWebKit/537.36 (KHTML, like Gecko) Chrome/130.0.0.0 Safari/537.36"
[24/Oct/2024:19:56:49 +0100] 14.102.190.50 TLSv1.2 ECDHE-RSA-AES256-GCM-SHA384 "GET /wp-admin/ HTTP/1.1" -
20.68.254.155 - - [24/Oct/2024:19:57:01 +0100] "GET / HTTP/1.1" 500 - "-" "Blackbox Exporter/0.25.0"
[24/Oct/2024:19:57:01 +0100] 20.68.254.155 TLSv1.2 ECDHE-RSA-AES256-GCM-SHA384 "GET / HTTP/1.1" -
208.115.199.27 - - [24/Oct/2024:19:57:05 +0100] "GET / HTTP/1.1" 500 - "https://credebtexchange.com" "Mozilla/5.0+(compatible; UptimeRobot/2.0; http://www.uptimerobot.com/)"
[24/Oct/2024:19:57:05 +0100] 208.115.199.27 TLSv1.2 ECDHE-RSA-AES256-GCM-SHA384 "GET / HTTP/1.1" -
85.74.245.150 - - [24/Oct/2024:19:57:05 +0100] "GET /exchange/admin/adminindex.php?do=alertreminder HTTP/1.1" 200 1 "https://www.credebtexchange.com/exchange/admin/adminindex.php?do=investor_statement&investor_id=2220" "Mozilla/5.0 (Windows NT 10.0; Win64; x64) AppleWebKit/537.36 (KHTML, like Gecko) Chrome/129.0.0.0 Safari/537.36"
[24/Oct/2024:19:57:05 +0100] 85.74.245.150 TLSv1.2 ECDHE-RSA-AES256-GCM-SHA384 "GET /exchange/admin/adminindex.php?do=alertreminder HTTP/1.1" 1
20.68.254.155 - - [24/Oct/2024:19:57:16 +0100] "GET / HTTP/1.1" 500 - "-" "Blackbox Exporter/0.25.0"
[24/Oct/2024:19:57:16 +0100] 20.68.254.155 TLSv1.2 ECDHE-RSA-AES256-GCM-SHA384 "GET / HTTP/1.1" -
86.43.79.64 - - [24/Oct/2024:19:57:21 +0100] "POST /exchange/index.php?do=cache HTTP/1.1" 200 - "https://www.credebtexchange.com/exchange/index.php?do=mytrastatements" "Mozilla/5.0 (Windows NT 10.0; Win64; x64) AppleWebKit/537.36 (KHTML, like Gecko) Chrome/130.0.0.0 Safari/537.36"
[24/Oct/2024:19:57:21 +0100] 86.43.79.64 TLSv1.2 ECDHE-RSA-AES256-GCM-SHA384 "POST /exchange/index.php?do=cache HTTP/1.1" -
85.74.245.150 - - [24/Oct/2024:19:57:21 +0100] "GET /exchange/admin/adminindex.php?do=alertreminder HTTP/1.1" 200 1 "https://www.credebtexchange.com/exchange/admin/adminindex.php?do=traapplications" "Mozilla/5.0 (Windows NT 10.0; Win64; x64) AppleWebKit/537.36 (KHTML, like Gecko) Chrome/129.0.0.0 Safari/537.36"
[24/Oct/2024:19:57:21 +0100] 85.74.245.150 TLSv1.2 ECDHE-RSA-AES256-GCM-SHA384 "GET /exchange/admin/adminindex.php?do=alertreminder HTTP/1.1" 1
20.68.254.155 - - [24/Oct/2024:19:57:31 +0100] "GET / HTTP/1.1" 500 - "-" "Blackbox Exporter/0.25.0"
[24/Oct/2024:19:57:31 +0100] 20.68.254.155 TLSv1.2 ECDHE-RSA-AES256-GCM-SHA384 "GET / HTTP/1.1" -
98.24.100.22 - - [24/Oct/2024:19:57:32 +0100] "POST /eui/index.php?do=cache HTTP/1.1" 200 - "https://www.credebtexchange.com/eui/index.php?do=mytrastatements" "Mozilla/5.0 (Windows NT 10.0; Win64; x64) AppleWebKit/537.36 (KHTML, like Gecko) Chrome/109.0.0.0 Safari/537.36"
[24/Oct/2024:19:57:32 +0100] 98.24.100.22 TLSv1.2 ECDHE-RSA-AES256-GCM-SHA384 "POST /eui/index.php?do=cache HTTP/1.1" -
20.68.254.155 - - [24/Oct/2024:19:57:46 +0100] "GET / HTTP/1.1" 500 - "-" "Blackbox Exporter/0.25.0"
[24/Oct/2024:19:57:46 +0100] 20.68.254.155 TLSv1.2 ECDHE-RSA-AES256-GCM-SHA384 "GET / HTTP/1.1" -
14.102.190.50 - - [24/Oct/2024:19:57:47 +0100] "POST /exchange/index.php?do=cache HTTP/1.1" 200 - "https://www.credebtexchange.com/exchange/index.php?do=login" "Mozilla/5.0 (X11; Linux x86_64) AppleWebKit/537.36 (KHTML, like Gecko) Chrome/130.0.0.0 Safari/537.36"
[24/Oct/2024:19:57:47 +0100] 14.102.190.50 TLSv1.2 ECDHE-RSA-AES256-GCM-SHA384 "POST /exchange/index.php?do=cache HTTP/1.1" -
109.76.24.105 - - [24/Oct/2024:19:57:49 +0100] "POST /eui/index.php?do=cache HTTP/1.1" 200 - "https://www.credebtexchange.com/eui/index.php?do=transaction" "Mozilla/5.0 (Windows NT 10.0; Win64; x64) AppleWebKit/537.36 (KHTML, like Gecko) Chrome/130.0.0.0 Safari/537.36"
[24/Oct/2024:19:57:49 +0100] 109.76.24.105 TLSv1.2 ECDHE-RSA-AES256-GCM-SHA384 "POST /eui/index.php?do=cache HTTP/1.1" -
109.76.24.105 - - [24/Oct/2024:19:57:49 +0100] "POST /eui/index.php?do=cache HTTP/1.1" 200 - "https://www.credebtexchange.com/eui/index.php?do=myreports" "Mozilla/5.0 (Windows NT 10.0; Win64; x64) AppleWebKit/537.36 (KHTML, like Gecko) Chrome/130.0.0.0 Safari/537.36"
[24/Oct/2024:19:57:49 +0100] 109.76.24.105 TLSv1.2 ECDHE-RSA-AES256-GCM-SHA384 "POST /eui/index.php?do=cache HTTP/1.1" -
20.68.254.155 - - [24/Oct/2024:19:58:01 +0100] "GET / HTTP/1.1" 500 - "-" "Blackbox Exporter/0.25.0"
[24/Oct/2024:19:58:01 +0100] 20.68.254.155 TLSv1.2 ECDHE-RSA-AES256-GCM-SHA384 "GET / HTTP/1.1" -
20.68.254.155 - - [24/Oct/2024:19:58:16 +0100] "GET / HTTP/1.1" 500 - "-" "Blackbox Exporter/0.25.0"
[24/Oct/2024:19:58:16 +0100] 20.68.254.155 TLSv1.2 ECDHE-RSA-AES256-GCM-SHA384 "GET / HTTP/1.1" -
86.43.79.64 - - [24/Oct/2024:19:58:21 +0100] "POST /exchange/index.php?do=cache HTTP/1.1" 200 - "https://www.credebtexchange.com/exchange/index.php?do=mytrastatements" "Mozilla/5.0 (Windows NT 10.0; Win64; x64) AppleWebKit/537.36 (KHTML, like Gecko) Chrome/130.0.0.0 Safari/537.36"
[24/Oct/2024:19:58:21 +0100] 86.43.79.64 TLSv1.2 ECDHE-RSA-AES256-GCM-SHA384 "POST /exchange/index.php?do=cache HTTP/1.1" -
20.68.254.155 - - [24/Oct/2024:19:58:31 +0100] "GET / HTTP/1.1" 500 - "-" "Blackbox Exporter/0.25.0"
[24/Oct/2024:19:58:31 +0100] 20.68.254.155 TLSv1.2 ECDHE-RSA-AES256-GCM-SHA384 "GET / HTTP/1.1" -
98.24.100.22 - - [24/Oct/2024:19:58:31 +0100] "POST /eui/index.php?do=cache HTTP/1.1" 200 - "https://www.credebtexchange.com/eui/index.php?do=mytrastatements" "Mozilla/5.0 (Windows NT 10.0; Win64; x64) AppleWebKit/537.36 (KHTML, like Gecko) Chrome/109.0.0.0 Safari/537.36"
[24/Oct/2024:19:58:31 +0100] 98.24.100.22 TLSv1.2 ECDHE-RSA-AES256-GCM-SHA384 "POST /eui/index.php?do=cache HTTP/1.1" -
85.74.245.150 - - [24/Oct/2024:19:58:45 +0100] "GET /exchange/admin/adminindex.php?do=alertreminder HTTP/1.1" 200 1 "https://www.credebtexchange.com/exchange/admin/adminindex.php?do=investor_statement&investor_id=2220" "Mozilla/5.0 (Windows NT 10.0; Win64; x64) AppleWebKit/537.36 (KHTML, like Gecko) Chrome/129.0.0.0 Safari/537.36"
[24/Oct/2024:19:58:45 +0100] 85.74.245.150 TLSv1.2 ECDHE-RSA-AES256-GCM-SHA384 "GET /exchange/admin/adminindex.php?do=alertreminder HTTP/1.1" 1
20.68.254.155 - - [24/Oct/2024:19:58:46 +0100] "GET / HTTP/1.1" 500 - "-" "Blackbox Exporter/0.25.0"
[24/Oct/2024:19:58:46 +0100] 20.68.254.155 TLSv1.2 ECDHE-RSA-AES256-GCM-SHA384 "GET / HTTP/1.1" -
14.102.190.50 - - [24/Oct/2024:19:58:47 +0100] "POST /exchange/index.php?do=cache HTTP/1.1" 200 - "https://www.credebtexchange.com/exchange/index.php?do=login" "Mozilla/5.0 (X11; Linux x86_64) AppleWebKit/537.36 (KHTML, like Gecko) Chrome/130.0.0.0 Safari/537.36"
[24/Oct/2024:19:58:47 +0100] 14.102.190.50 TLSv1.2 ECDHE-RSA-AES256-GCM-SHA384 "POST /exchange/index.php?do=cache HTTP/1.1" -
109.76.24.105 - - [24/Oct/2024:19:58:49 +0100] "POST /eui/index.php?do=cache HTTP/1.1" 200 - "https://www.credebtexchange.com/eui/index.php?do=transaction" "Mozilla/5.0 (Windows NT 10.0; Win64; x64) AppleWebKit/537.36 (KHTML, like Gecko) Chrome/130.0.0.0 Safari/537.36"
[24/Oct/2024:19:58:49 +0100] 109.76.24.105 TLSv1.2 ECDHE-RSA-AES256-GCM-SHA384 "POST /eui/index.php?do=cache HTTP/1.1" -
109.76.24.105 - - [24/Oct/2024:19:58:49 +0100] "POST /eui/index.php?do=cache HTTP/1.1" 200 - "https://www.credebtexchange.com/eui/index.php?do=myreports" "Mozilla/5.0 (Windows NT 10.0; Win64; x64) AppleWebKit/537.36 (KHTML, like Gecko) Chrome/130.0.0.0 Safari/537.36"
[24/Oct/2024:19:58:49 +0100] 109.76.24.105 TLSv1.2 ECDHE-RSA-AES256-GCM-SHA384 "POST /eui/index.php?do=cache HTTP/1.1" -
20.68.254.155 - - [24/Oct/2024:19:59:01 +0100] "GET / HTTP/1.1" 500 - "-" "Blackbox Exporter/0.25.0"
[24/Oct/2024:19:59:01 +0100] 20.68.254.155 TLSv1.2 ECDHE-RSA-AES256-GCM-SHA384 "GET / HTTP/1.1" -
85.74.245.150 - - [24/Oct/2024:19:59:01 +0100] "GET /exchange/admin/adminindex.php?do=alertreminder HTTP/1.1" 200 1 "https://www.credebtexchange.com/exchange/admin/adminindex.php?do=traapplications" "Mozilla/5.0 (Windows NT 10.0; Win64; x64) AppleWebKit/537.36 (KHTML, like Gecko) Chrome/129.0.0.0 Safari/537.36"
[24/Oct/2024:19:59:01 +0100] 85.74.245.150 TLSv1.2 ECDHE-RSA-AES256-GCM-SHA384 "GET /exchange/admin/adminindex.php?do=alertreminder HTTP/1.1" 1
20.68.254.155 - - [24/Oct/2024:19:59:16 +0100] "GET / HTTP/1.1" 500 - "-" "Blackbox Exporter/0.25.0"
[24/Oct/2024:19:59:16 +0100] 20.68.254.155 TLSv1.2 ECDHE-RSA-AES256-GCM-SHA384 "GET / HTTP/1.1" -
86.43.79.64 - - [24/Oct/2024:19:59:21 +0100] "POST /exchange/index.php?do=cache HTTP/1.1" 200 - "https://www.credebtexchange.com/exchange/index.php?do=mytrastatements" "Mozilla/5.0 (Windows NT 10.0; Win64; x64) AppleWebKit/537.36 (KHTML, like Gecko) Chrome/130.0.0.0 Safari/537.36"
[24/Oct/2024:19:59:21 +0100] 86.43.79.64 TLSv1.2 ECDHE-RSA-AES256-GCM-SHA384 "POST /exchange/index.php?do=cache HTTP/1.1" -
20.68.254.155 - - [24/Oct/2024:19:59:31 +0100] "GET / HTTP/1.1" 500 - "-" "Blackbox Exporter/0.25.0"
[24/Oct/2024:19:59:31 +0100] 20.68.254.155 TLSv1.2 ECDHE-RSA-AES256-GCM-SHA384 "GET / HTTP/1.1" -
98.24.100.22 - - [24/Oct/2024:19:59:32 +0100] "POST /eui/index.php?do=cache HTTP/1.1" 200 - "https://www.credebtexchange.com/eui/index.php?do=mytrastatements" "Mozilla/5.0 (Windows NT 10.0; Win64; x64) AppleWebKit/537.36 (KHTML, like Gecko) Chrome/109.0.0.0 Safari/537.36"
[24/Oct/2024:19:59:32 +0100] 98.24.100.22 TLSv1.2 ECDHE-RSA-AES256-GCM-SHA384 "POST /eui/index.php?do=cache HTTP/1.1" -
20.68.254.155 - - [24/Oct/2024:19:59:46 +0100] "GET / HTTP/1.1" 500 - "-" "Blackbox Exporter/0.25.0"
[24/Oct/2024:19:59:46 +0100] 20.68.254.155 TLSv1.2 ECDHE-RSA-AES256-GCM-SHA384 "GET / HTTP/1.1" -
14.102.190.50 - - [24/Oct/2024:19:59:47 +0100] "POST /exchange/index.php?do=cache HTTP/1.1" 200 - "https://www.credebtexchange.com/exchange/index.php?do=login" "Mozilla/5.0 (X11; Linux x86_64) AppleWebKit/537.36 (KHTML, like Gecko) Chrome/130.0.0.0 Safari/537.36"
[24/Oct/2024:19:59:47 +0100] 14.102.190.50 TLSv1.2 ECDHE-RSA-AES256-GCM-SHA384 "POST /exchange/index.php?do=cache HTTP/1.1" -
109.76.24.105 - - [24/Oct/2024:19:59:49 +0100] "POST /eui/index.php?do=cache HTTP/1.1" 200 - "https://www.credebtexchange.com/eui/index.php?do=myreports" "Mozilla/5.0 (Windows NT 10.0; Win64; x64) AppleWebKit/537.36 (KHTML, like Gecko) Chrome/130.0.0.0 Safari/537.36"
[24/Oct/2024:19:59:49 +0100] 109.76.24.105 TLSv1.2 ECDHE-RSA-AES256-GCM-SHA384 "POST /eui/index.php?do=cache HTTP/1.1" -
109.76.24.105 - - [24/Oct/2024:19:59:49 +0100] "POST /eui/index.php?do=cache HTTP/1.1" 200 - "https://www.credebtexchange.com/eui/index.php?do=transaction" "Mozilla/5.0 (Windows NT 10.0; Win64; x64) AppleWebKit/537.36 (KHTML, like Gecko) Chrome/130.0.0.0 Safari/537.36"
[24/Oct/2024:19:59:49 +0100] 109.76.24.105 TLSv1.2 ECDHE-RSA-AES256-GCM-SHA384 "POST /eui/index.php?do=cache HTTP/1.1" -
20.68.254.155 - - [24/Oct/2024:20:00:01 +0100] "GET / HTTP/1.1" 500 - "-" "Blackbox Exporter/0.25.0"
[24/Oct/2024:20:00:01 +0100] 20.68.254.155 TLSv1.2 ECDHE-RSA-AES256-GCM-SHA384 "GET / HTTP/1.1" -
20.68.254.155 - - [24/Oct/2024:20:00:16 +0100] "GET / HTTP/1.1" 500 - "-" "Blackbox Exporter/0.25.0"
[24/Oct/2024:20:00:16 +0100] 20.68.254.155 TLSv1.2 ECDHE-RSA-AES256-GCM-SHA384 "GET / HTTP/1.1" -
86.43.79.64 - - [24/Oct/2024:20:00:21 +0100] "POST /exchange/index.php?do=cache HTTP/1.1" 200 - "https://www.credebtexchange.com/exchange/index.php?do=mytrastatements" "Mozilla/5.0 (Windows NT 10.0; Win64; x64) AppleWebKit/537.36 (KHTML, like Gecko) Chrome/130.0.0.0 Safari/537.36"
[24/Oct/2024:20:00:21 +0100] 86.43.79.64 TLSv1.2 ECDHE-RSA-AES256-GCM-SHA384 "POST /exchange/index.php?do=cache HTTP/1.1" -
85.74.245.150 - - [24/Oct/2024:20:00:25 +0100] "GET /exchange/admin/adminindex.php?do=alertreminder HTTP/1.1" 200 1 "https://www.credebtexchange.com/exchange/admin/adminindex.php?do=investor_statement&investor_id=2220" "Mozilla/5.0 (Windows NT 10.0; Win64; x64) AppleWebKit/537.36 (KHTML, like Gecko) Chrome/129.0.0.0 Safari/537.36"
[24/Oct/2024:20:00:25 +0100] 85.74.245.150 TLSv1.2 ECDHE-RSA-AES256-GCM-SHA384 "GET /exchange/admin/adminindex.php?do=alertreminder HTTP/1.1" 1
14.102.190.50 - - [24/Oct/2024:20:00:25 +0100] "GET /wp-admin/ HTTP/1.1" 500 - "-" "Mozilla/5.0 (X11; Linux x86_64) AppleWebKit/537.36 (KHTML, like Gecko) Chrome/130.0.0.0 Safari/537.36"
[24/Oct/2024:20:00:25 +0100] 14.102.190.50 TLSv1.2 ECDHE-RSA-AES256-GCM-SHA384 "GET /wp-admin/ HTTP/1.1" -
14.102.190.50 - - [24/Oct/2024:20:00:27 +0100] "GET /wp-admin/ HTTP/1.1" 500 - "-" "Mozilla/5.0 (X11; Linux x86_64) AppleWebKit/537.36 (KHTML, like Gecko) Chrome/130.0.0.0 Safari/537.36"
[24/Oct/2024:20:00:27 +0100] 14.102.190.50 TLSv1.2 ECDHE-RSA-AES256-GCM-SHA384 "GET /wp-admin/ HTTP/1.1" -
20.68.254.155 - - [24/Oct/2024:20:00:31 +0100] "GET / HTTP/1.1" 500 - "-" "Blackbox Exporter/0.25.0"
[24/Oct/2024:20:00:31 +0100] 20.68.254.155 TLSv1.2 ECDHE-RSA-AES256-GCM-SHA384 "GET / HTTP/1.1" -
98.24.100.22 - - [24/Oct/2024:20:00:32 +0100] "POST /eui/index.php?do=cache HTTP/1.1" 200 - "https://www.credebtexchange.com/eui/index.php?do=mytrastatements" "Mozilla/5.0 (Windows NT 10.0; Win64; x64) AppleWebKit/537.36 (KHTML, like Gecko) Chrome/109.0.0.0 Safari/537.36"
[24/Oct/2024:20:00:32 +0100] 98.24.100.22 TLSv1.2 ECDHE-RSA-AES256-GCM-SHA384 "POST /eui/index.php?do=cache HTTP/1.1" -
14.102.190.50 - - [24/Oct/2024:20:00:39 +0100] "GET /wp-admin/ HTTP/1.1" 500 - "-" "Mozilla/5.0 (X11; Linux x86_64) AppleWebKit/537.36 (KHTML, like Gecko) Chrome/130.0.0.0 Safari/537.36"
[24/Oct/2024:20:00:39 +0100] 14.102.190.50 TLSv1.2 ECDHE-RSA-AES256-GCM-SHA384 "GET /wp-admin/ HTTP/1.1" -
85.74.245.150 - - [24/Oct/2024:20:00:41 +0100] "GET /exchange/admin/adminindex.php?do=alertreminder HTTP/1.1" 200 1 "https://www.credebtexchange.com/exchange/admin/adminindex.php?do=traapplications" "Mozilla/5.0 (Windows NT 10.0; Win64; x64) AppleWebKit/537.36 (KHTML, like Gecko) Chrome/129.0.0.0 Safari/537.36"
